CRAN Package Check Results for Package eclust

Last updated on 2019-08-25 05:46:46 CEST.

Flavor Version Tinstall Tcheck Ttotal Status Flags
r-devel-linux-x86_64-debian-clang 0.1.0 6.51 216.28 222.79 OK
r-devel-linux-x86_64-debian-gcc 0.1.0 5.83 132.76 138.59 OK
r-devel-linux-x86_64-fedora-clang 0.1.0 266.92 NOTE
r-devel-linux-x86_64-fedora-gcc 0.1.0 239.50 NOTE
r-devel-windows-ix86+x86_64 0.1.0 16.00 243.00 259.00 OK
r-patched-linux-x86_64 0.1.0 7.08 189.30 196.38 OK
r-patched-solaris-x86 0.1.0 456.60 NOTE
r-release-linux-x86_64 0.1.0 6.97 185.91 192.88 OK
r-release-windows-ix86+x86_64 0.1.0 16.00 286.00 302.00 OK
r-release-osx-x86_64 0.1.0 ERROR
r-oldrel-windows-ix86+x86_64 0.1.0 14.00 286.00 300.00 OK
r-oldrel-osx-x86_64 0.1.0 NOTE

Check Details

Version: 0.1.0
Check: dependencies in R code
Result: NOTE
    Namespace in Imports field not imported from: ‘pander’
     All declared Imports should be used.
Flavors: r-devel-linux-x86_64-fedora-clang, r-devel-linux-x86_64-fedora-gcc, r-patched-solaris-x86, r-oldrel-osx-x86_64

Version: 0.1.0
Check: package dependencies
Result: ERROR
    Package required but not available: ‘WGCNA’
    
    Package suggested but not available for checking: ‘ComplexHeatmap’
    
    See section ‘The DESCRIPTION file’ in the ‘Writing R Extensions’
    manual.
Flavor: r-release-osx-x86_64