CRAN Package Check Results for Package eclust

Last updated on 2020-01-17 05:47:11 CET.

Flavor Version Tinstall Tcheck Ttotal Status Flags
r-devel-linux-x86_64-debian-clang 0.1.0 7.57 226.33 233.90 OK
r-devel-linux-x86_64-debian-gcc 0.1.0 6.31 133.30 139.61 OK
r-devel-linux-x86_64-fedora-clang 0.1.0 282.59 NOTE
r-devel-linux-x86_64-fedora-gcc 0.1.0 246.84 NOTE
r-devel-windows-ix86+x86_64 0.1.0 27.00 234.00 261.00 OK
r-devel-windows-ix86+x86_64-gcc8 0.1.0 17.00 304.00 321.00 OK
r-patched-linux-x86_64 0.1.0 5.48 189.86 195.34 OK
r-patched-solaris-x86 0.1.0 478.30 NOTE
r-release-linux-x86_64 0.1.0 5.31 187.10 192.41 OK
r-release-windows-ix86+x86_64 0.1.0 17.00 306.00 323.00 OK
r-release-osx-x86_64 0.1.0 ERROR
r-oldrel-windows-ix86+x86_64 0.1.0 12.00 279.00 291.00 OK
r-oldrel-osx-x86_64 0.1.0 NOTE

Check Details

Version: 0.1.0
Check: dependencies in R code
Result: NOTE
    Namespace in Imports field not imported from: ‘pander’
     All declared Imports should be used.
Flavors: r-devel-linux-x86_64-fedora-clang, r-devel-linux-x86_64-fedora-gcc, r-patched-solaris-x86, r-oldrel-osx-x86_64

Version: 0.1.0
Check: package dependencies
Result: ERROR
    Package required but not available: ‘WGCNA’
    
    See section ‘The DESCRIPTION file’ in the ‘Writing R Extensions’
    manual.
Flavor: r-release-osx-x86_64