CRAN Package Check Results for Package ecochange

Last updated on 2022-01-19 05:48:24 CET.

Flavor Version Tinstall Tcheck Ttotal Status Flags
r-devel-linux-x86_64-debian-clang 2.2 34.50 432.59 467.09 OK
r-devel-linux-x86_64-debian-gcc 2.2 30.64 331.24 361.88 OK
r-devel-linux-x86_64-fedora-clang 2.2 578.18 OK
r-devel-linux-x86_64-fedora-gcc 2.2 562.04 OK
r-devel-windows-x86_64-new-UL 2.2 200.00 1800.00 2000.00 NOTE
r-devel-windows-x86_64-new-TK 2.2 WARN
r-patched-linux-x86_64 2.2 37.30 410.12 447.42 OK
r-release-linux-x86_64 2.2 OK
r-release-macos-arm64 2.2 OK
r-release-macos-x86_64 2.2 OK
r-release-windows-ix86+x86_64 2.2 76.00 480.00 556.00 OK
r-oldrel-macos-x86_64 2.2 OK
r-oldrel-windows-ix86+x86_64 2.2 79.00 502.00 581.00 OK

Check Details

Version: 2.2
Check: whether the namespace can be loaded with stated dependencies
Result: NOTE
    Warning in gdal_setInstallation() :
     No GDAL installation found. Please install 'gdal' before continuing:
     - www.gdal.org (no HDF4 support!)
     - trac.osgeo.org/osgeo4w/ (with HDF4 support RECOMMENDED)
     - www.fwtools.maptools.org (with HDF4 support)
    
    Warning in gdal_setInstallation() :
     If you think GDAL is installed, please run:
    gdal_setInstallation(ignore.full_scan=FALSE)
    
    A namespace must be able to be loaded with just the base namespace
    loaded: otherwise if the namespace gets loaded by a saved object, the
    session will be unable to start.
    
    Probably some imports need to be declared in the NAMESPACE file.
Flavor: r-devel-windows-x86_64-new-UL

Version: 2.2
Check: dependencies in R code
Result: NOTE
    ERROR 1: PROJ: proj_create: no database context specified
    ERROR 1: Cannot parse CRS http://www.opengis.net/def/crs/EPSG/0/5482
    ERROR 1: PROJ: proj_create: no database context specified
    ERROR 1: Cannot parse CRS http://www.opengis.net/def/crs/EPSG/0/5936
    ERROR 1: PROJ: proj_create: no database context specified
    ERROR 1: Cannot parse CRS http://www.opengis.net/def/crs/EPSG/0/3978
    ERROR 1: PROJ: proj_create: no database context specified
    ERROR 1: Cannot parse CRS http://www.opengis.net/def/crs/EPSG/0/2193
    ERROR 1: PROJ: proj_create: no database context specified
    ERROR 1: Cannot parse CRS http://www.opengis.net/def/crs/EPSG/0/5482
    ERROR 1: PROJ: proj_create: no database context specified
    ERROR 1: Cannot parse CRS http://www.opengis.net/def/crs/EPSG/0/5936
    ERROR 1: PROJ: proj_create: no database context specified
    ERROR 1: Cannot parse CRS http://www.opengis.net/def/crs/EPSG/0/3978
    ERROR 1: PROJ: proj_create: no database context specified
    ERROR 1: Cannot parse CRS http://www.opengis.net/def/crs/EPSG/0/2193
Flavor: r-devel-windows-x86_64-new-TK

Version: 2.2
Check: S3 generic/method consistency
Result: WARN
    ERROR 1: PROJ: proj_create: no database context specified
    ERROR 1: Cannot parse CRS http://www.opengis.net/def/crs/EPSG/0/5482
    ERROR 1: PROJ: proj_create: no database context specified
    ERROR 1: Cannot parse CRS http://www.opengis.net/def/crs/EPSG/0/5936
    ERROR 1: PROJ: proj_create: no database context specified
    ERROR 1: Cannot parse CRS http://www.opengis.net/def/crs/EPSG/0/3978
    ERROR 1: PROJ: proj_create: no database context specified
    ERROR 1: Cannot parse CRS http://www.opengis.net/def/crs/EPSG/0/2193
    ERROR 1: PROJ: proj_create: no database context specified
    ERROR 1: Cannot parse CRS http://www.opengis.net/def/crs/EPSG/0/5482
    ERROR 1: PROJ: proj_create: no database context specified
    ERROR 1: Cannot parse CRS http://www.opengis.net/def/crs/EPSG/0/5936
    ERROR 1: PROJ: proj_create: no database context specified
    ERROR 1: Cannot parse CRS http://www.opengis.net/def/crs/EPSG/0/3978
    ERROR 1: PROJ: proj_create: no database context specified
    ERROR 1: Cannot parse CRS http://www.opengis.net/def/crs/EPSG/0/2193
    See section 'Generic functions and methods' in the 'Writing R
    Extensions' manual.
Flavor: r-devel-windows-x86_64-new-TK

Version: 2.2
Check: replacement functions
Result: WARN
    ERROR 1: PROJ: proj_create: no database context specified
    ERROR 1: Cannot parse CRS http://www.opengis.net/def/crs/EPSG/0/5482
    ERROR 1: PROJ: proj_create: no database context specified
    ERROR 1: Cannot parse CRS http://www.opengis.net/def/crs/EPSG/0/5936
    ERROR 1: PROJ: proj_create: no database context specified
    ERROR 1: Cannot parse CRS http://www.opengis.net/def/crs/EPSG/0/3978
    ERROR 1: PROJ: proj_create: no database context specified
    ERROR 1: Cannot parse CRS http://www.opengis.net/def/crs/EPSG/0/2193
    ERROR 1: PROJ: proj_create: no database context specified
    ERROR 1: Cannot parse CRS http://www.opengis.net/def/crs/EPSG/0/5482
    ERROR 1: PROJ: proj_create: no database context specified
    ERROR 1: Cannot parse CRS http://www.opengis.net/def/crs/EPSG/0/5936
    ERROR 1: PROJ: proj_create: no database context specified
    ERROR 1: Cannot parse CRS http://www.opengis.net/def/crs/EPSG/0/3978
    ERROR 1: PROJ: proj_create: no database context specified
    ERROR 1: Cannot parse CRS http://www.opengis.net/def/crs/EPSG/0/2193
    The argument of a replacement function which corresponds to the right
    hand side must be named 'value'.
Flavor: r-devel-windows-x86_64-new-TK

Version: 2.2
Check: foreign function calls
Result: NOTE
    ERROR 1: PROJ: proj_create: no database context specified
    ERROR 1: Cannot parse CRS http://www.opengis.net/def/crs/EPSG/0/5482
    ERROR 1: PROJ: proj_create: no database context specified
    ERROR 1: Cannot parse CRS http://www.opengis.net/def/crs/EPSG/0/5936
    ERROR 1: PROJ: proj_create: no database context specified
    ERROR 1: Cannot parse CRS http://www.opengis.net/def/crs/EPSG/0/3978
    ERROR 1: PROJ: proj_create: no database context specified
    ERROR 1: Cannot parse CRS http://www.opengis.net/def/crs/EPSG/0/2193
    ERROR 1: PROJ: proj_create: no database context specified
    ERROR 1: Cannot parse CRS http://www.opengis.net/def/crs/EPSG/0/5482
    ERROR 1: PROJ: proj_create: no database context specified
    ERROR 1: Cannot parse CRS http://www.opengis.net/def/crs/EPSG/0/5936
    ERROR 1: PROJ: proj_create: no database context specified
    ERROR 1: Cannot parse CRS http://www.opengis.net/def/crs/EPSG/0/3978
    ERROR 1: PROJ: proj_create: no database context specified
    ERROR 1: Cannot parse CRS http://www.opengis.net/def/crs/EPSG/0/2193
    See chapter 'System and foreign language interfaces' in the 'Writing R
    Extensions' manual.
Flavor: r-devel-windows-x86_64-new-TK

Version: 2.2
Check: R code for possible problems
Result: NOTE
    ERROR 1: PROJ: proj_create: no database context specified
    ERROR 1: Cannot parse CRS http://www.opengis.net/def/crs/EPSG/0/5482
    ERROR 1: PROJ: proj_create: no database context specified
    ERROR 1: Cannot parse CRS http://www.opengis.net/def/crs/EPSG/0/5936
    ERROR 1: PROJ: proj_create: no database context specified
    ERROR 1: Cannot parse CRS http://www.opengis.net/def/crs/EPSG/0/3978
    ERROR 1: PROJ: proj_create: no database context specified
    ERROR 1: Cannot parse CRS http://www.opengis.net/def/crs/EPSG/0/2193
    ERROR 1: PROJ: proj_create: no database context specified
    ERROR 1: Cannot parse CRS http://www.opengis.net/def/crs/EPSG/0/5482
    ERROR 1: PROJ: proj_create: no database context specified
    ERROR 1: Cannot parse CRS http://www.opengis.net/def/crs/EPSG/0/5936
    ERROR 1: PROJ: proj_create: no database context specified
    ERROR 1: Cannot parse CRS http://www.opengis.net/def/crs/EPSG/0/3978
    ERROR 1: PROJ: proj_create: no database context specified
    ERROR 1: Cannot parse CRS http://www.opengis.net/def/crs/EPSG/0/2193
Flavor: r-devel-windows-x86_64-new-TK

Version: 2.2
Check: for missing documentation entries
Result: WARN
    ERROR 1: PROJ: proj_create: no database context specified
    ERROR 1: Cannot parse CRS http://www.opengis.net/def/crs/EPSG/0/5482
    ERROR 1: PROJ: proj_create: no database context specified
    ERROR 1: Cannot parse CRS http://www.opengis.net/def/crs/EPSG/0/5936
    ERROR 1: PROJ: proj_create: no database context specified
    ERROR 1: Cannot parse CRS http://www.opengis.net/def/crs/EPSG/0/3978
    ERROR 1: PROJ: proj_create: no database context specified
    ERROR 1: Cannot parse CRS http://www.opengis.net/def/crs/EPSG/0/2193
    ERROR 1: PROJ: proj_create: no database context specified
    ERROR 1: Cannot parse CRS http://www.opengis.net/def/crs/EPSG/0/5482
    ERROR 1: PROJ: proj_create: no database context specified
    ERROR 1: Cannot parse CRS http://www.opengis.net/def/crs/EPSG/0/5936
    ERROR 1: PROJ: proj_create: no database context specified
    ERROR 1: Cannot parse CRS http://www.opengis.net/def/crs/EPSG/0/3978
    ERROR 1: PROJ: proj_create: no database context specified
    ERROR 1: Cannot parse CRS http://www.opengis.net/def/crs/EPSG/0/2193
    All user-level objects in a package should have documentation entries.
    See chapter 'Writing R documentation files' in the 'Writing R
    Extensions' manual.
Flavor: r-devel-windows-x86_64-new-TK

Version: 2.2
Check: for code/documentation mismatches
Result: WARN
    ERROR 1: PROJ: proj_create: no database context specified
    ERROR 1: Cannot parse CRS http://www.opengis.net/def/crs/EPSG/0/5482
    ERROR 1: PROJ: proj_create: no database context specified
    ERROR 1: Cannot parse CRS http://www.opengis.net/def/crs/EPSG/0/5936
    ERROR 1: PROJ: proj_create: no database context specified
    ERROR 1: Cannot parse CRS http://www.opengis.net/def/crs/EPSG/0/3978
    ERROR 1: PROJ: proj_create: no database context specified
    ERROR 1: Cannot parse CRS http://www.opengis.net/def/crs/EPSG/0/2193
    ERROR 1: PROJ: proj_create: no database context specified
    ERROR 1: Cannot parse CRS http://www.opengis.net/def/crs/EPSG/0/5482
    ERROR 1: PROJ: proj_create: no database context specified
    ERROR 1: Cannot parse CRS http://www.opengis.net/def/crs/EPSG/0/5936
    ERROR 1: PROJ: proj_create: no database context specified
    ERROR 1: Cannot parse CRS http://www.opengis.net/def/crs/EPSG/0/3978
    ERROR 1: PROJ: proj_create: no database context specified
    ERROR 1: Cannot parse CRS http://www.opengis.net/def/crs/EPSG/0/2193
    ERROR 1: PROJ: proj_create: no database context specified
    ERROR 1: Cannot parse CRS http://www.opengis.net/def/crs/EPSG/0/5482
    ERROR 1: PROJ: proj_create: no database context specified
    ERROR 1: Cannot parse CRS http://www.opengis.net/def/crs/EPSG/0/5936
    ERROR 1: PROJ: proj_create: no database context specified
    ERROR 1: Cannot parse CRS http://www.opengis.net/def/crs/EPSG/0/3978
    ERROR 1: PROJ: proj_create: no database context specified
    ERROR 1: Cannot parse CRS http://www.opengis.net/def/crs/EPSG/0/2193
    ERROR 1: PROJ: proj_create: no database context specified
    ERROR 1: Cannot parse CRS http://www.opengis.net/def/crs/EPSG/0/5482
    ERROR 1: PROJ: proj_create: no database context specified
    ERROR 1: Cannot parse CRS http://www.opengis.net/def/crs/EPSG/0/5936
    ERROR 1: PROJ: proj_create: no database context specified
    ERROR 1: Cannot parse CRS http://www.opengis.net/def/crs/EPSG/0/3978
    ERROR 1: PROJ: proj_create: no database context specified
    ERROR 1: Cannot parse CRS http://www.opengis.net/def/crs/EPSG/0/2193
    ERROR 1: PROJ: proj_create: no database context specified
    ERROR 1: Cannot parse CRS http://www.opengis.net/def/crs/EPSG/0/5482
    ERROR 1: PROJ: proj_create: no database context specified
    ERROR 1: Cannot parse CRS http://www.opengis.net/def/crs/EPSG/0/5936
    ERROR 1: PROJ: proj_create: no database context specified
    ERROR 1: Cannot parse CRS http://www.opengis.net/def/crs/EPSG/0/3978
    ERROR 1: PROJ: proj_create: no database context specified
    ERROR 1: Cannot parse CRS http://www.opengis.net/def/crs/EPSG/0/2193
    ERROR 1: PROJ: proj_create: no database context specified
    ERROR 1: Cannot parse CRS http://www.opengis.net/def/crs/EPSG/0/5482
    ERROR 1: PROJ: proj_create: no database context specified
    ERROR 1: Cannot parse CRS http://www.opengis.net/def/crs/EPSG/0/5936
    ERROR 1: PROJ: proj_create: no database context specified
    ERROR 1: Cannot parse CRS http://www.opengis.net/def/crs/EPSG/0/3978
    ERROR 1: PROJ: proj_create: no database context specified
    ERROR 1: Cannot parse CRS http://www.opengis.net/def/crs/EPSG/0/2193
Flavor: r-devel-windows-x86_64-new-TK

Version: 2.2
Check: Rd \usage sections
Result: NOTE
    ERROR 1: PROJ: proj_create: no database context specified
    ERROR 1: Cannot parse CRS http://www.opengis.net/def/crs/EPSG/0/5482
    ERROR 1: PROJ: proj_create: no database context specified
    ERROR 1: Cannot parse CRS http://www.opengis.net/def/crs/EPSG/0/5936
    ERROR 1: PROJ: proj_create: no database context specified
    ERROR 1: Cannot parse CRS http://www.opengis.net/def/crs/EPSG/0/3978
    ERROR 1: PROJ: proj_create: no database context specified
    ERROR 1: Cannot parse CRS http://www.opengis.net/def/crs/EPSG/0/2193
    ERROR 1: PROJ: proj_create: no database context specified
    ERROR 1: Cannot parse CRS http://www.opengis.net/def/crs/EPSG/0/5482
    ERROR 1: PROJ: proj_create: no database context specified
    ERROR 1: Cannot parse CRS http://www.opengis.net/def/crs/EPSG/0/5936
    ERROR 1: PROJ: proj_create: no database context specified
    ERROR 1: Cannot parse CRS http://www.opengis.net/def/crs/EPSG/0/3978
    ERROR 1: PROJ: proj_create: no database context specified
    ERROR 1: Cannot parse CRS http://www.opengis.net/def/crs/EPSG/0/2193
    The \usage entries for S3 methods should use the \method markup and not
    their full name.
    See chapter 'Writing R documentation files' in the 'Writing R
    Extensions' manual.
Flavor: r-devel-windows-x86_64-new-TK