CRAN Package Check Results for Package ecospat

Last updated on 2019-08-25 05:46:46 CEST.

Flavor Version Tinstall Tcheck Ttotal Status Flags
r-devel-linux-x86_64-debian-clang 3.0 25.75 294.32 320.07 NOTE
r-devel-linux-x86_64-debian-gcc 3.0 22.39 231.95 254.34 NOTE
r-devel-linux-x86_64-fedora-clang 3.0 363.39 NOTE
r-devel-linux-x86_64-fedora-gcc 3.0 351.18 NOTE
r-devel-windows-ix86+x86_64 3.0 62.00 473.00 535.00 OK
r-patched-linux-x86_64 3.0 25.32 290.61 315.93 OK
r-patched-solaris-x86 3.0 549.60 OK
r-release-linux-x86_64 3.0 26.30 285.14 311.44 OK
r-release-windows-ix86+x86_64 3.0 103.00 418.00 521.00 OK
r-release-osx-x86_64 3.0 OK
r-oldrel-windows-ix86+x86_64 3.0 52.00 380.00 432.00 OK
r-oldrel-osx-x86_64 3.0 OK

Check Details

Version: 3.0
Check: for non-standard things in the check directory
Result: NOTE
    Found the following files/directories:
     'community.prediction.prr.txt'
Flavors: r-devel-linux-x86_64-debian-clang, r-devel-linux-x86_64-debian-gcc, r-devel-linux-x86_64-fedora-clang, r-devel-linux-x86_64-fedora-gcc