CRAN Package Check Results for Package ecospat

Last updated on 2021-10-17 05:49:08 CEST.

Flavor Version Tinstall Tcheck Ttotal Status Flags
r-devel-linux-x86_64-debian-clang 3.2 48.94 505.18 554.12 OK
r-devel-linux-x86_64-debian-gcc 3.2 44.92 376.05 420.97 OK
r-devel-linux-x86_64-fedora-clang 3.2 665.67 NOTE
r-devel-linux-x86_64-fedora-gcc 3.2 690.45 NOTE
r-devel-windows-x86_64 3.2 82.00 624.00 706.00 OK
r-devel-windows-x86_64-gcc10-UCRT 3.2 NOTE
r-patched-linux-x86_64 3.2 56.25 488.68 544.93 OK
r-patched-solaris-x86 3.2 809.30 NOTE
r-release-linux-x86_64 3.2 48.76 484.68 533.44 OK
r-release-macos-arm64 3.2 NOTE
r-release-macos-x86_64 3.2 NOTE
r-release-windows-ix86+x86_64 3.2 131.00 647.00 778.00 OK
r-oldrel-macos-x86_64 3.2 NOTE
r-oldrel-windows-ix86+x86_64 3.2 129.00 639.00 768.00 OK

Check Details

Version: 3.2
Check: package dependencies
Result: NOTE
    Imports includes 22 non-default packages.
    Importing from so many packages makes the package vulnerable to any of
    them becoming unavailable. Move as many as possible to Suggests and
    use conditionally.
Flavor: r-devel-linux-x86_64-fedora-clang

Version: 3.2
Check: dependencies in R code
Result: NOTE
    Namespace in Imports field not imported from: ‘maps’
     All declared Imports should be used.
Flavors: r-devel-linux-x86_64-fedora-clang, r-devel-linux-x86_64-fedora-gcc, r-devel-windows-x86_64-gcc10-UCRT, r-patched-solaris-x86, r-release-macos-arm64, r-release-macos-x86_64, r-oldrel-macos-x86_64