CRAN Package Check Results for Package edgebundle

Last updated on 2022-08-12 05:52:46 CEST.

Flavor Version Tinstall Tcheck Ttotal Status Flags
r-devel-linux-x86_64-debian-clang 0.4.0 33.17 91.55 124.72 OK
r-devel-linux-x86_64-debian-gcc 0.4.0 29.23 68.91 98.14 OK
r-devel-linux-x86_64-fedora-clang 0.4.0 182.60 NOTE
r-devel-linux-x86_64-fedora-gcc 0.4.0 166.20 NOTE
r-devel-windows-x86_64 0.4.0 44.00 128.00 172.00 OK
r-patched-linux-x86_64 0.4.0 31.97 87.64 119.61 OK
r-release-linux-x86_64 0.4.0 32.20 89.09 121.29 OK
r-release-macos-arm64 0.4.0 47.00 NOTE
r-release-macos-x86_64 0.4.0 65.00 NOTE
r-release-windows-x86_64 0.4.0 45.00 131.00 176.00 OK
r-oldrel-macos-arm64 0.4.0 46.00 NOTE
r-oldrel-macos-x86_64 0.4.0 61.00 NOTE
r-oldrel-windows-ix86+x86_64 0.4.0 86.00 157.00 243.00 OK

Check Details

Version: 0.4.0
Check: data for non-ASCII characters
Result: NOTE
     Note: found 22 marked UTF-8 strings
Flavors: r-devel-linux-x86_64-fedora-clang, r-devel-linux-x86_64-fedora-gcc, r-release-macos-arm64, r-release-macos-x86_64, r-oldrel-macos-arm64, r-oldrel-macos-x86_64