CRAN Package Check Results for Package editData

Last updated on 2022-01-27 05:55:51 CET.

Flavor Version Tinstall Tcheck Ttotal Status Flags
r-devel-linux-x86_64-debian-clang 0.1.8 7.13 70.29 77.42 OK
r-devel-linux-x86_64-debian-gcc 0.1.8 5.31 53.94 59.25 OK
r-devel-linux-x86_64-fedora-clang 0.1.8 91.55 NOTE
r-devel-linux-x86_64-fedora-gcc 0.1.8 85.51 NOTE
r-devel-windows-x86_64-new-UL 0.1.8 37.00 102.00 139.00 OK
r-devel-windows-x86_64-new-TK 0.1.8 NOTE
r-patched-linux-x86_64 0.1.8 6.42 63.58 70.00 OK
r-release-linux-x86_64 0.1.8 4.55 64.31 68.86 OK
r-release-macos-arm64 0.1.8 NOTE
r-release-macos-x86_64 0.1.8 NOTE
r-release-windows-ix86+x86_64 0.1.8 17.00 86.00 103.00 OK
r-oldrel-macos-x86_64 0.1.8 NOTE
r-oldrel-windows-ix86+x86_64 0.1.8 18.00 79.00 97.00 OK

Check Details

Version: 0.1.8
Check: dependencies in R code
Result: NOTE
    Namespaces in Imports field not imported from:
     ‘dplyr’ ‘magrittr’ ‘tibble’
     All declared Imports should be used.
Flavors: r-devel-linux-x86_64-fedora-clang, r-devel-linux-x86_64-fedora-gcc, r-devel-windows-x86_64-new-TK, r-release-macos-arm64, r-release-macos-x86_64, r-oldrel-macos-x86_64