CRAN Package Check Results for Package edlibR

Last updated on 2024-06-13 06:58:00 CEST.

Flavor Version Tinstall Tcheck Ttotal Status Flags
r-devel-linux-x86_64-debian-clang 1.0.2 24.49 36.03 60.52 OK
r-devel-linux-x86_64-debian-gcc 1.0.2 0.36 1.75 2.11 ERROR
r-devel-linux-x86_64-fedora-clang 1.0.2 84.14 OK
r-devel-linux-x86_64-fedora-gcc 1.0.2 95.67 OK
r-devel-windows-x86_64 1.0.2 22.00 68.00 90.00 OK
r-patched-linux-x86_64 1.0.2 22.12 34.51 56.63 OK
r-release-linux-x86_64 1.0.2 20.49 35.58 56.07 OK
r-release-macos-arm64 1.0.2 32.00 OK
r-release-macos-x86_64 1.0.2 51.00 OK
r-release-windows-x86_64 1.0.2 23.00 70.00 93.00 OK
r-oldrel-macos-arm64 1.0.2 39.00 OK
r-oldrel-macos-x86_64 1.0.2 66.00 OK
r-oldrel-windows-x86_64 1.0.2 27.00 76.00 103.00 OK

Check Details

Version: 1.0.2
Check: package dependencies
Result: ERROR Package required but not available: ‘stringr’ Package suggested but not available for checking: ‘testthat’ See section ‘The DESCRIPTION file’ in the ‘Writing R Extensions’ manual. Flavor: r-devel-linux-x86_64-debian-gcc