CRAN Package Check Results for Package eesim

Last updated on 2023-10-01 06:53:06 CEST.

Flavor Version Tinstall Tcheck Ttotal Status Flags
r-devel-linux-x86_64-debian-clang 0.1.0 5.94 265.17 271.11 NOTE
r-devel-linux-x86_64-debian-gcc 0.1.0 4.22 203.27 207.49 NOTE
r-devel-linux-x86_64-fedora-clang 0.1.0 364.65 NOTE
r-devel-linux-x86_64-fedora-gcc 0.1.0 342.37 NOTE
r-devel-windows-x86_64 0.1.0 6.00 242.00 248.00 NOTE
r-patched-linux-x86_64 0.1.0 7.07 259.05 266.12 NOTE
r-release-linux-x86_64 0.1.0 6.77 261.72 268.49 NOTE
r-release-macos-arm64 0.1.0 181.00 NOTE
r-release-macos-x86_64 0.1.0 263.00 NOTE
r-release-windows-x86_64 0.1.0 7.00 281.00 288.00 NOTE
r-oldrel-macos-arm64 0.1.0 153.00 NOTE
r-oldrel-macos-x86_64 0.1.0 237.00 NOTE
r-oldrel-windows-x86_64 0.1.0 10.00 290.00 300.00 NOTE

Check Details

Version: 0.1.0
Check: LazyData
Result: NOTE
     'LazyData' is specified without a 'data' directory
Flavors: r-devel-linux-x86_64-debian-clang, r-devel-linux-x86_64-debian-gcc, r-devel-linux-x86_64-fedora-clang, r-devel-linux-x86_64-fedora-gcc, r-devel-windows-x86_64, r-patched-linux-x86_64, r-release-linux-x86_64, r-release-macos-arm64, r-release-macos-x86_64, r-release-windows-x86_64, r-oldrel-macos-arm64, r-oldrel-macos-x86_64, r-oldrel-windows-x86_64