CRAN Package Check Results for Package eesim

Last updated on 2022-10-06 05:59:26 CEST.

Flavor Version Tinstall Tcheck Ttotal Status Flags
r-devel-linux-x86_64-debian-clang 0.1.0 5.63 279.73 285.36 NOTE
r-devel-linux-x86_64-debian-gcc 0.1.0 4.28 210.03 214.31 NOTE
r-devel-linux-x86_64-fedora-clang 0.1.0 366.74 NOTE
r-devel-linux-x86_64-fedora-gcc 0.1.0 364.72 NOTE
r-devel-windows-x86_64 0.1.0 14.00 324.00 338.00 NOTE
r-patched-linux-x86_64 0.1.0 7.18 272.81 279.99 NOTE
r-release-linux-x86_64 0.1.0 4.39 262.58 266.97 NOTE
r-release-macos-arm64 0.1.0 153.00 NOTE
r-release-macos-x86_64 0.1.0 237.00 NOTE
r-release-windows-x86_64 0.1.0 15.00 330.00 345.00 NOTE
r-oldrel-macos-arm64 0.1.0 234.00 NOTE
r-oldrel-macos-x86_64 0.1.0 252.00 NOTE
r-oldrel-windows-ix86+x86_64 0.1.0 15.00 342.00 357.00 NOTE

Check Details

Version: 0.1.0
Check: LazyData
Result: NOTE
     'LazyData' is specified without a 'data' directory
Flavors: r-devel-linux-x86_64-debian-clang, r-devel-linux-x86_64-debian-gcc, r-devel-linux-x86_64-fedora-clang, r-devel-linux-x86_64-fedora-gcc, r-devel-windows-x86_64, r-patched-linux-x86_64, r-release-linux-x86_64, r-release-macos-arm64, r-release-macos-x86_64, r-release-windows-x86_64, r-oldrel-macos-arm64, r-oldrel-macos-x86_64, r-oldrel-windows-ix86+x86_64