CRAN Package Check Results for Package effectR

Last updated on 2024-06-25 07:06:19 CEST.

Flavor Version Tinstall Tcheck Ttotal Status Flags
r-devel-linux-x86_64-debian-clang 1.0.2 3.76 50.60 54.36 OK
r-devel-linux-x86_64-debian-gcc 1.0.2 2.99 37.78 40.77 OK
r-devel-linux-x86_64-fedora-clang 1.0.2 70.04 NOTE
r-devel-linux-x86_64-fedora-gcc 1.0.2 85.64 NOTE
r-devel-windows-x86_64 1.0.2 6.00 59.00 65.00 OK
r-patched-linux-x86_64 1.0.2 10.69 48.11 58.80 OK
r-release-linux-x86_64 1.0.2 3.84 47.41 51.25 OK
r-release-macos-arm64 1.0.2 31.00 OK
r-release-macos-x86_64 1.0.2 52.00 OK
r-release-windows-x86_64 1.0.2 7.00 58.00 65.00 OK
r-oldrel-macos-arm64 1.0.2 31.00 OK
r-oldrel-macos-x86_64 1.0.2 44.00 OK
r-oldrel-windows-x86_64 1.0.2 8.00 64.00 72.00 OK

Check Details

Version: 1.0.2
Check: dependencies in R code
Result: NOTE Namespace in Imports field not imported from: ‘rmarkdown’ All declared Imports should be used. Flavors: r-devel-linux-x86_64-fedora-clang, r-devel-linux-x86_64-fedora-gcc