Last updated on 2021-02-27 06:46:53 CET.
Flavor | Version | Tinstall | Tcheck | Ttotal | Status | Flags |
---|---|---|---|---|---|---|
r-devel-linux-x86_64-debian-clang | 0.4.3 | 8.95 | 277.06 | 286.01 | OK | |
r-devel-linux-x86_64-debian-gcc | 0.4.3 | 7.32 | 202.11 | 209.43 | OK | |
r-devel-linux-x86_64-fedora-clang | 0.4.3 | 352.80 | OK | |||
r-devel-linux-x86_64-fedora-gcc | 0.4.3 | 346.93 | OK | |||
r-devel-windows-ix86+x86_64 | 0.4.3 | 10.00 | 212.00 | 222.00 | OK | |
r-patched-linux-x86_64 | 0.4.3 | 10.34 | 232.03 | 242.37 | NOTE | |
r-patched-solaris-x86 | 0.4.3 | 449.90 | OK | |||
r-release-linux-x86_64 | 0.4.3 | 8.37 | 267.55 | 275.92 | OK | |
r-release-macos-x86_64 | 0.4.3 | ERROR | ||||
r-release-windows-ix86+x86_64 | 0.4.3 | 17.00 | 281.00 | 298.00 | OK | |
r-oldrel-macos-x86_64 | 0.4.3 | OK | ||||
r-oldrel-windows-ix86+x86_64 | 0.4.3 | 12.00 | 209.00 | 221.00 | OK |
Version: 0.4.3
Check: package dependencies
Result: NOTE
Package suggested but not available for checking: ‘rstanarm’
Flavor: r-patched-linux-x86_64
Version: 0.4.3
Check: package dependencies
Result: ERROR
Package required and available but unsuitable version: ‘parameters’
See section ‘The DESCRIPTION file’ in the ‘Writing R Extensions’
manual.
Flavor: r-release-macos-x86_64