CRAN Package Check Results for Package ehelp

Last updated on 2022-12-09 05:54:05 CET.

Flavor Version Tinstall Tcheck Ttotal Status Flags
r-devel-linux-x86_64-debian-clang 1.2 2.24 29.98 32.22 NOTE
r-devel-linux-x86_64-debian-gcc 1.2 1.97 24.71 26.68 NOTE
r-devel-linux-x86_64-fedora-clang 1.2 52.51 NOTE
r-devel-linux-x86_64-fedora-gcc 1.2 72.99 NOTE
r-devel-windows-x86_64 1.2 14.00 66.00 80.00 NOTE
r-patched-linux-x86_64 1.2 2.76 28.06 30.82 NOTE
r-release-linux-x86_64 1.2 2.32 37.69 40.01 NOTE
r-release-macos-arm64 1.2 26.00 NOTE
r-release-macos-x86_64 1.2 35.00 NOTE
r-release-windows-x86_64 1.2 15.00 86.00 101.00 NOTE
r-oldrel-macos-arm64 1.2 25.00 NOTE
r-oldrel-macos-x86_64 1.2 38.00 NOTE
r-oldrel-windows-ix86+x86_64 1.2 6.00 57.00 63.00 NOTE

Check Details

Version: 1.2
Check: LazyData
Result: NOTE
     'LazyData' is specified without a 'data' directory
Flavors: r-devel-linux-x86_64-debian-clang, r-devel-linux-x86_64-debian-gcc, r-devel-linux-x86_64-fedora-clang, r-devel-linux-x86_64-fedora-gcc, r-devel-windows-x86_64, r-patched-linux-x86_64, r-release-linux-x86_64, r-release-macos-arm64, r-release-macos-x86_64, r-release-windows-x86_64, r-oldrel-macos-arm64, r-oldrel-macos-x86_64, r-oldrel-windows-ix86+x86_64