CRAN Package Check Results for Package eimpute

Last updated on 2020-12-02 05:48:03 CET.

Flavor Version Tinstall Tcheck Ttotal Status Flags
r-devel-linux-x86_64-debian-clang 0.1.1 178.52 30.75 209.27 OK
r-devel-linux-x86_64-debian-gcc 0.1.1 113.18 28.75 141.93 OK
r-devel-linux-x86_64-fedora-clang 0.1.1 240.88 NOTE
r-devel-linux-x86_64-fedora-gcc 0.1.1 240.94 OK
r-devel-windows-ix86+x86_64 0.1.1 230.00 80.00 310.00 OK
r-patched-linux-x86_64 0.1.1 121.30 34.67 155.97 OK
r-patched-solaris-x86 0.1.1 186.90 OK
r-release-linux-x86_64 0.1.1 129.23 32.82 162.05 OK
r-release-macos-x86_64 0.1.1 NOTE
r-release-windows-ix86+x86_64 0.1.1 232.00 62.00 294.00 OK
r-oldrel-macos-x86_64 0.1.1 NOTE
r-oldrel-windows-ix86+x86_64 0.1.1 170.00 68.00 238.00 OK

Check Details

Version: 0.1.1
Check: installed package size
Result: NOTE
     installed size is 44.5Mb
     sub-directories of 1Mb or more:
     libs 43.5Mb
Flavors: r-devel-linux-x86_64-fedora-clang, r-release-macos-x86_64, r-oldrel-macos-x86_64