CRAN Package Check Results for Package eirm

Last updated on 2022-01-23 05:57:50 CET.

Flavor Version Tinstall Tcheck Ttotal Status Flags
r-devel-linux-x86_64-debian-clang 0.5 10.35 136.93 147.28 OK
r-devel-linux-x86_64-debian-gcc 0.5 9.74 116.86 126.60 OK
r-devel-linux-x86_64-fedora-clang 0.5 182.29 NOTE
r-devel-linux-x86_64-fedora-gcc 0.5 168.14 OK
r-devel-windows-x86_64-new-UL 0.5 28.00 169.00 197.00 OK
r-devel-windows-x86_64-new-TK 0.5 ERROR
r-patched-linux-x86_64 0.5 11.06 131.69 142.75 OK
r-release-linux-x86_64 0.5 13.24 129.63 142.87 OK
r-release-macos-arm64 0.5 OK
r-release-macos-x86_64 0.5 OK
r-release-windows-ix86+x86_64 0.5 28.00 166.00 194.00 OK
r-oldrel-macos-x86_64 0.5 OK
r-oldrel-windows-ix86+x86_64 0.5 29.00 160.00 189.00 OK

Check Details

Version: 0.5
Check: Rd cross-references
Result: NOTE
    Undeclared package ‘eRm’ in Rd xrefs
Flavor: r-devel-linux-x86_64-fedora-clang

Version: 0.5
Check: package dependencies
Result: ERROR
    Packages required but not available: 'lme4', 'blme'
    
    See section 'The DESCRIPTION file' in the 'Writing R Extensions'
    manual.
Flavor: r-devel-windows-x86_64-new-TK