CRAN Package Check Results for Package elhmc

Last updated on 2024-07-21 06:52:06 CEST.

Flavor Version Tinstall Tcheck Ttotal Status Flags
r-devel-linux-x86_64-debian-clang 1.1.0 2.90 31.87 34.77 NOTE
r-devel-linux-x86_64-debian-gcc 1.1.0 2.04 24.32 26.36 NOTE
r-devel-linux-x86_64-fedora-clang 1.1.0 44.01 NOTE
r-devel-linux-x86_64-fedora-gcc 1.1.0 40.92 NOTE
r-devel-windows-x86_64 1.1.0 4.00 44.00 48.00 NOTE
r-patched-linux-x86_64 1.1.0 2.56 31.05 33.61 NOTE
r-release-linux-x86_64 1.1.0 2.71 30.85 33.56 NOTE
r-release-macos-arm64 1.1.0 17.00 NOTE
r-release-macos-x86_64 1.1.0 25.00 NOTE
r-release-windows-x86_64 1.1.0 3.00 44.00 47.00 NOTE
r-oldrel-macos-arm64 1.1.0 18.00 NOTE
r-oldrel-macos-x86_64 1.1.0 24.00 NOTE
r-oldrel-windows-x86_64 1.1.0 4.00 46.00 50.00 NOTE

Check Details

Version: 1.1.0
Check: LazyData
Result: NOTE 'LazyData' is specified without a 'data' directory Flavors: r-devel-linux-x86_64-debian-clang, r-devel-linux-x86_64-debian-gcc, r-devel-linux-x86_64-fedora-clang, r-devel-linux-x86_64-fedora-gcc, r-devel-windows-x86_64, r-patched-linux-x86_64, r-release-linux-x86_64, r-release-macos-arm64, r-release-macos-x86_64, r-release-windows-x86_64, r-oldrel-macos-arm64, r-oldrel-macos-x86_64, r-oldrel-windows-x86_64