CRAN Package Check Results for Package emplik

Last updated on 2024-06-21 06:58:13 CEST.

Flavor Version Tinstall Tcheck Ttotal Status Flags
r-devel-linux-x86_64-debian-clang 1.3-1 13.06 124.36 137.42 NOTE
r-devel-linux-x86_64-debian-gcc 1.3-1 8.44 89.61 98.05 NOTE
r-devel-linux-x86_64-fedora-clang 1.3-1 167.17 NOTE
r-devel-linux-x86_64-fedora-gcc 1.3-1 161.50 NOTE
r-devel-windows-x86_64 1.3-1 14.00 109.00 123.00 NOTE
r-patched-linux-x86_64 1.3-1 17.27 118.34 135.61 NOTE
r-release-linux-x86_64 1.3-1 15.17 118.68 133.85 NOTE
r-release-macos-arm64 1.3-1 44.00 NOTE
r-release-macos-x86_64 1.3-1 70.00 NOTE
r-release-windows-x86_64 1.3-1 14.00 122.00 136.00 NOTE
r-oldrel-macos-arm64 1.3-1 57.00 OK
r-oldrel-macos-x86_64 1.3-1 107.00 OK
r-oldrel-windows-x86_64 1.3-1 19.00 130.00 149.00 OK

Check Details

Version: 1.3-1
Check: Rd files
Result: NOTE checkRd: (-1) WRegTest.Rd:43: Lost braces 43 | For ordinary least squares estimator, \code{psifun} should be the identity function psifun <- function(t){t}. | ^ Flavors: r-devel-linux-x86_64-debian-clang, r-devel-linux-x86_64-debian-gcc, r-devel-linux-x86_64-fedora-clang, r-devel-linux-x86_64-fedora-gcc, r-devel-windows-x86_64, r-patched-linux-x86_64, r-release-linux-x86_64, r-release-macos-arm64, r-release-macos-x86_64, r-release-windows-x86_64