CRAN Package Check Results for Package entrymodels

Last updated on 2022-01-18 05:50:11 CET.

Flavor Version Tinstall Tcheck Ttotal Status Flags
r-devel-linux-x86_64-debian-clang 0.2.1 4.47 56.95 61.42 NOTE
r-devel-linux-x86_64-debian-gcc 0.2.1 3.54 42.05 45.59 NOTE
r-devel-linux-x86_64-fedora-clang 0.2.1 75.42 NOTE
r-devel-linux-x86_64-fedora-gcc 0.2.1 60.87 NOTE
r-devel-windows-x86_64-new-UL 0.2.1 41.00 68.00 109.00 NOTE
r-devel-windows-x86_64-new-TK 0.2.1 NOTE
r-patched-linux-x86_64 0.2.1 4.68 53.68 58.36 NOTE
r-release-linux-x86_64 0.2.1 NOTE
r-release-macos-arm64 0.2.1 NOTE
r-release-macos-x86_64 0.2.1 NOTE
r-release-windows-ix86+x86_64 0.2.1 15.00 64.00 79.00 NOTE
r-oldrel-macos-x86_64 0.2.1 OK
r-oldrel-windows-ix86+x86_64 0.2.1 12.00 72.00 84.00 OK

Check Details

Version: 0.2.1
Check: LazyData
Result: NOTE
     'LazyData' is specified without a 'data' directory
Flavors: r-devel-linux-x86_64-debian-clang, r-devel-linux-x86_64-debian-gcc, r-devel-linux-x86_64-fedora-clang, r-devel-linux-x86_64-fedora-gcc, r-devel-windows-x86_64-new-UL, r-devel-windows-x86_64-new-TK, r-patched-linux-x86_64, r-release-linux-x86_64, r-release-macos-arm64, r-release-macos-x86_64, r-release-windows-ix86+x86_64