CRAN Package Check Results for Package epca

Last updated on 2024-06-16 06:58:45 CEST.

Flavor Version Tinstall Tcheck Ttotal Status Flags
r-devel-linux-x86_64-debian-clang 1.1.0 2.00 54.12 56.12 NOTE
r-devel-linux-x86_64-debian-gcc 1.1.0 2.19 39.02 41.21 NOTE
r-devel-linux-x86_64-fedora-clang 1.1.0 73.00 NOTE
r-devel-linux-x86_64-fedora-gcc 1.1.0 79.17 NOTE
r-devel-windows-x86_64 1.1.0 3.00 67.00 70.00 NOTE
r-patched-linux-x86_64 1.1.0 3.24 59.01 62.25 NOTE
r-release-linux-x86_64 1.1.0 2.09 52.41 54.50 NOTE
r-release-macos-arm64 1.1.0 31.00 NOTE
r-release-macos-x86_64 1.1.0 72.00 NOTE
r-release-windows-x86_64 1.1.0 4.00 69.00 73.00 NOTE
r-oldrel-macos-arm64 1.1.0 31.00 OK
r-oldrel-macos-x86_64 1.1.0 71.00 OK
r-oldrel-windows-x86_64 1.1.0 5.00 74.00 79.00 OK

Check Details

Version: 1.1.0
Check: Rd files
Result: NOTE checkRd: (-1) misClustRate.Rd:18: Lost braces; missing escapes or markup? 18 | Compute the empirical MCR, assuming that #{cluster} = #{block}, | ^ checkRd: (-1) misClustRate.Rd:18: Lost braces; missing escapes or markup? 18 | Compute the empirical MCR, assuming that #{cluster} = #{block}, | ^ Flavors: r-devel-linux-x86_64-debian-clang, r-devel-linux-x86_64-debian-gcc, r-devel-linux-x86_64-fedora-clang, r-devel-linux-x86_64-fedora-gcc, r-devel-windows-x86_64, r-patched-linux-x86_64, r-release-linux-x86_64, r-release-macos-arm64, r-release-macos-x86_64, r-release-windows-x86_64