CRAN Package Check Results for Package epe4md

Last updated on 2024-06-23 06:56:31 CEST.

Flavor Version Tinstall Tcheck Ttotal Status Flags
r-devel-linux-x86_64-debian-clang 0.1.4 13.72 118.93 132.65 OK
r-devel-linux-x86_64-debian-gcc 0.1.4 8.09 92.29 100.38 OK
r-devel-linux-x86_64-fedora-clang 0.1.4 167.95 NOTE
r-devel-linux-x86_64-fedora-gcc 0.1.4 156.53 OK
r-devel-windows-x86_64 0.1.4 11.00 141.00 152.00 OK
r-patched-linux-x86_64 0.1.4 9.52 114.46 123.98 OK
r-release-linux-x86_64 0.1.4 6.91 115.30 122.21 OK
r-release-macos-arm64 0.1.4 63.00 OK
r-release-macos-x86_64 0.1.4 113.00 OK
r-release-windows-x86_64 0.1.4 11.00 146.00 157.00 OK
r-oldrel-macos-arm64 0.1.4 58.00 OK
r-oldrel-macos-x86_64 0.1.4 159.00 OK
r-oldrel-windows-x86_64 0.1.4 13.00 170.00 183.00 OK

Check Details

Version: 0.1.4
Check: package dependencies
Result: NOTE Imports includes 21 non-default packages. Importing from so many packages makes the package vulnerable to any of them becoming unavailable. Move as many as possible to Suggests and use conditionally. Flavor: r-devel-linux-x86_64-fedora-clang