CRAN Package Check Results for Package epicontacts

Last updated on 2022-01-27 05:55:51 CET.

Flavor Version Tinstall Tcheck Ttotal Status Flags
r-devel-linux-x86_64-debian-clang 1.1.2 2.99 64.32 67.31 OK
r-devel-linux-x86_64-debian-gcc 1.1.2 2.90 49.04 51.94 OK
r-devel-linux-x86_64-fedora-clang 1.1.2 81.59 NOTE
r-devel-linux-x86_64-fedora-gcc 1.1.2 70.69 NOTE
r-devel-windows-x86_64-new-UL 1.1.2 85.00 112.00 197.00 OK
r-devel-windows-x86_64-new-TK 1.1.2 NOTE
r-patched-linux-x86_64 1.1.2 4.30 61.81 66.11 OK
r-release-linux-x86_64 1.1.2 2.46 61.35 63.81 OK
r-release-macos-arm64 1.1.2 NOTE
r-release-macos-x86_64 1.1.2 NOTE
r-release-windows-ix86+x86_64 1.1.2 8.00 78.00 86.00 OK
r-oldrel-macos-x86_64 1.1.2 NOTE
r-oldrel-windows-ix86+x86_64 1.1.2 9.00 76.00 85.00 OK

Check Details

Version: 1.1.2
Check: dependencies in R code
Result: NOTE
    Namespace in Imports field not imported from: ‘colorspace’
     All declared Imports should be used.
Flavors: r-devel-linux-x86_64-fedora-clang, r-devel-linux-x86_64-fedora-gcc, r-devel-windows-x86_64-new-TK, r-release-macos-arm64, r-release-macos-x86_64, r-oldrel-macos-x86_64