CRAN Package Check Results for Package episode

Last updated on 2019-08-19 05:46:23 CEST.

Flavor Version Tinstall Tcheck Ttotal Status Flags
r-devel-linux-x86_64-debian-clang 1.0.0 190.38 69.25 259.63 WARN
r-devel-linux-x86_64-debian-gcc 1.0.0 168.65 52.13 220.78 NOTE
r-devel-linux-x86_64-fedora-clang 1.0.0 398.90 WARN
r-devel-linux-x86_64-fedora-gcc 1.0.0 396.63 OK
r-devel-windows-ix86+x86_64 1.0.0 569.00 178.00 747.00 NOTE
r-patched-linux-x86_64 1.0.0 181.07 66.97 248.04 OK
r-patched-solaris-x86 1.0.0 366.60 OK
r-release-linux-x86_64 1.0.0 179.85 68.24 248.09 OK
r-release-windows-ix86+x86_64 1.0.0 389.00 132.00 521.00 OK
r-release-osx-x86_64 1.0.0 WARN
r-oldrel-windows-ix86+x86_64 1.0.0 506.00 164.00 670.00 OK
r-oldrel-osx-x86_64 1.0.0 NOTE

Additional issues

clang-UBSAN gcc-UBSAN valgrind

Check Details

Version: 1.0.0
Check: whether package can be installed
Result: WARN
    Found the following significant warnings:
     motor_param.cpp:257:5: warning: explicitly assigning value of variable of type 'arma::vec' (aka 'Col<double>') to itself [-Wself-assign-overloaded]
Flavors: r-devel-linux-x86_64-debian-clang, r-release-osx-x86_64

Version: 1.0.0
Check: package vignettes
Result: NOTE
    Package vignette with placeholder title 'Vignette Title':
     'episode.Rmd'
Flavors: r-devel-linux-x86_64-debian-clang, r-devel-linux-x86_64-debian-gcc, r-devel-windows-ix86+x86_64

Version: 1.0.0
Check: whether package can be installed
Result: WARN
    Found the following significant warnings:
     motor_optim.cpp:556:52: warning: 'mem_fun_ref<void, optim>' is deprecated [-Wdeprecated-declarations]
     motor_optim.cpp:559:52: warning: 'mem_fun_ref<void, optim>' is deprecated [-Wdeprecated-declarations]
     motor_optim.cpp:564:65: warning: 'mem_fun_ref<void, optim, double>' is deprecated [-Wdeprecated-declarations]
     motor_optim.cpp:564:52: warning: 'bind2nd<std::__1::mem_fun1_ref_t<void, optim, double>, double>' is deprecated [-Wdeprecated-declarations]
     motor_param.cpp:257:5: warning: explicitly assigning value of variable of type 'arma::vec' (aka 'Col<double>') to itself [-Wself-assign-overloaded]
Flavor: r-devel-linux-x86_64-fedora-clang

Version: 1.0.0
Check: installed package size
Result: NOTE
     installed size is 14.5Mb
     sub-directories of 1Mb or more:
     libs 14.1Mb
Flavors: r-devel-linux-x86_64-fedora-clang, r-release-osx-x86_64, r-oldrel-osx-x86_64