CRAN Package Check Results for Package epo

Last updated on 2024-06-18 05:57:36 CEST.

Flavor Version Tinstall Tcheck Ttotal Status Flags
r-devel-linux-x86_64-debian-clang 0.1.0 2.31 24.39 26.70 OK
r-devel-linux-x86_64-debian-gcc 0.1.0 1.59 18.87 20.46 OK
r-devel-linux-x86_64-fedora-clang 0.1.0 33.69 NOTE
r-devel-linux-x86_64-fedora-gcc 0.1.0 31.58 NOTE
r-devel-windows-x86_64 0.1.0 3.00 40.00 43.00 OK
r-patched-linux-x86_64 0.1.0 2.17 23.07 25.24 OK
r-release-linux-x86_64 0.1.0 2.05 23.31 25.36 OK
r-release-macos-arm64 0.1.0 15.00 OK
r-release-macos-x86_64 0.1.0 21.00 OK
r-release-windows-x86_64 0.1.0 4.00 39.00 43.00 OK
r-oldrel-macos-arm64 0.1.0 18.00 OK
r-oldrel-macos-x86_64 0.1.0 27.00 OK
r-oldrel-windows-x86_64 0.1.0 4.00 41.00 45.00 OK

Check Details

Version: 0.1.0
Check: dependencies in R code
Result: NOTE Namespace in Imports field not imported from: ‘xts’ All declared Imports should be used. Flavors: r-devel-linux-x86_64-fedora-clang, r-devel-linux-x86_64-fedora-gcc