CRAN Package Check Results for Package epos

Last updated on 2021-11-28 05:49:32 CET.

Flavor Version Tinstall Tcheck Ttotal Status Flags
r-devel-linux-x86_64-debian-clang 1.0 OK
r-devel-linux-x86_64-debian-gcc 1.0 8.10 93.91 102.01 OK
r-devel-linux-x86_64-fedora-clang 1.0 174.58 NOTE
r-devel-linux-x86_64-fedora-gcc 1.0 158.21 NOTE
r-devel-windows-x86_64-new-UL 1.0 30.00 182.00 212.00 OK
r-devel-windows-x86_64-new-TK 1.0 NOTE
r-devel-windows-x86_64-old 1.0 17.00 167.00 184.00 OK
r-patched-linux-x86_64 1.0 11.41 114.97 126.38 OK
r-patched-solaris-x86 1.0 232.70 NOTE
r-release-linux-x86_64 1.0 11.49 116.88 128.37 OK
r-release-macos-arm64 1.0 NOTE
r-release-macos-x86_64 1.0 NOTE
r-release-windows-ix86+x86_64 1.0 30.00 110.00 140.00 OK
r-oldrel-macos-x86_64 1.0 NOTE
r-oldrel-windows-ix86+x86_64 1.0 33.00 158.00 191.00 OK

Check Details

Version: 1.0
Check: dependencies in R code
Result: NOTE
    Namespace in Imports field not imported from: ‘testthat’
     All declared Imports should be used.
Flavors: r-devel-linux-x86_64-fedora-clang, r-devel-linux-x86_64-fedora-gcc, r-devel-windows-x86_64-new-TK, r-patched-solaris-x86, r-release-macos-arm64, r-release-macos-x86_64, r-oldrel-macos-x86_64

Version: 1.0
Check: data for non-ASCII characters
Result: NOTE
     Note: found 15 marked UTF-8 strings
Flavors: r-devel-linux-x86_64-fedora-clang, r-devel-linux-x86_64-fedora-gcc, r-devel-windows-x86_64-new-TK, r-patched-solaris-x86, r-release-macos-arm64, r-release-macos-x86_64, r-oldrel-macos-x86_64