CRAN Package Check Results for Package epubr

Last updated on 2019-12-09 05:47:11 CET.

Flavor Version Tinstall Tcheck Ttotal Status Flags
r-devel-linux-x86_64-debian-clang 0.6.1 3.48 64.99 68.47 OK
r-devel-linux-x86_64-debian-gcc 0.6.1 2.59 49.60 52.19 OK
r-devel-linux-x86_64-fedora-clang 0.6.1 82.45 OK
r-devel-linux-x86_64-fedora-gcc 0.6.1 73.42 OK
r-devel-windows-ix86+x86_64 0.6.1 15.00 176.00 191.00 WARN
r-devel-windows-ix86+x86_64-gcc8 0.6.1 9.00 159.00 168.00 OK
r-patched-linux-x86_64 0.6.1 2.54 57.55 60.09 OK
r-patched-solaris-x86 0.6.1 127.90 OK
r-release-linux-x86_64 0.6.1 2.67 57.94 60.61 OK
r-release-windows-ix86+x86_64 0.6.1 5.00 108.00 113.00 OK
r-release-osx-x86_64 0.6.1 OK
r-oldrel-windows-ix86+x86_64 0.6.1 5.00 105.00 110.00 OK
r-oldrel-osx-x86_64 0.6.1 OK

Check Details

Version: 0.6.1
Check: re-building of vignette outputs
Result: WARN
    Error(s) in re-building vignettes:
    --- re-building 'epubr.Rmd' using rmarkdown
    Error: processing vignette 'epubr.Rmd' failed with diagnostics:
    there is no package called 'stringi'
    --- failed re-building 'epubr.Rmd'
    
    SUMMARY: processing the following file failed:
     'epubr.Rmd'
    
    Error: Vignette re-building failed.
    Execution halted
Flavor: r-devel-windows-ix86+x86_64