CRAN Package Check Results for Package epxToR

Last updated on 2022-05-19 05:51:52 CEST.

Flavor Version Tinstall Tcheck Ttotal Status Flags
r-devel-linux-x86_64-debian-clang 0.4-1 2.65 40.07 42.72 NOTE
r-devel-linux-x86_64-debian-gcc 0.4-1 2.75 31.34 34.09 NOTE
r-devel-linux-x86_64-fedora-clang 0.4-1 55.51 NOTE
r-devel-linux-x86_64-fedora-gcc 0.4-1 51.03 NOTE
r-devel-windows-x86_64 0.4-1 9.00 53.00 62.00 NOTE
r-patched-linux-x86_64 0.4-1 3.33 38.46 41.79 NOTE
r-release-linux-x86_64 0.4-1 3.40 38.90 42.30 NOTE
r-release-macos-arm64 0.4-1 19.00 NOTE
r-release-macos-x86_64 0.4-1 25.00 NOTE
r-release-windows-x86_64 0.4-1 13.00 54.00 67.00 NOTE
r-oldrel-macos-arm64 0.4-1 22.00 NOTE
r-oldrel-macos-x86_64 0.4-1 26.00 NOTE
r-oldrel-windows-ix86+x86_64 0.4-1 8.00 48.00 56.00 NOTE

Check Details

Version: 0.4-1
Check: LazyData
Result: NOTE
     'LazyData' is specified without a 'data' directory
Flavors: r-devel-linux-x86_64-debian-clang, r-devel-linux-x86_64-debian-gcc, r-devel-linux-x86_64-fedora-clang, r-devel-linux-x86_64-fedora-gcc, r-devel-windows-x86_64, r-patched-linux-x86_64, r-release-linux-x86_64, r-release-macos-arm64, r-release-macos-x86_64, r-release-windows-x86_64, r-oldrel-macos-arm64, r-oldrel-macos-x86_64, r-oldrel-windows-ix86+x86_64