CRAN Package Check Results for Package equSA

Last updated on 2019-08-21 05:46:51 CEST.

Flavor Version Tinstall Tcheck Ttotal Status Flags
r-devel-linux-x86_64-debian-clang 1.2.1 15.74 116.00 131.74 NOTE
r-devel-linux-x86_64-debian-gcc 1.2.1 12.74 87.52 100.26 NOTE
r-devel-linux-x86_64-fedora-clang 1.2.1 157.96 NOTE
r-devel-linux-x86_64-fedora-gcc 1.2.1 173.64 NOTE
r-devel-windows-ix86+x86_64 1.2.1 38.00 278.00 316.00 OK
r-patched-linux-x86_64 1.2.1 13.40 129.67 143.07 OK
r-patched-solaris-x86 1.2.1 264.80 OK
r-release-linux-x86_64 1.2.1 12.66 131.25 143.91 OK
r-release-windows-ix86+x86_64 1.2.1 25.00 231.00 256.00 OK
r-release-osx-x86_64 1.2.1 OK
r-oldrel-windows-ix86+x86_64 1.2.1 30.00 275.00 305.00 OK
r-oldrel-osx-x86_64 1.2.1 OK

Check Details

Version: 1.2.1
Check: for non-standard things in the check directory
Result: NOTE
    Found the following files/directories:
     'Net1' 'Net2'
Flavors: r-devel-linux-x86_64-debian-clang, r-devel-linux-x86_64-debian-gcc, r-devel-linux-x86_64-fedora-clang, r-devel-linux-x86_64-fedora-gcc