CRAN Package Check Results for Package esaddle

Last updated on 2019-08-19 05:46:23 CEST.

Flavor Version Tinstall Tcheck Ttotal Status Flags
r-devel-linux-x86_64-debian-clang 0.0.3 16.01 52.04 68.05 OK
r-devel-linux-x86_64-debian-gcc 0.0.3 14.97 40.56 55.53 OK
r-devel-linux-x86_64-fedora-clang 0.0.3 89.48 NOTE
r-devel-linux-x86_64-fedora-gcc 0.0.3 88.03 NOTE
r-devel-windows-ix86+x86_64 0.0.3 50.00 161.00 211.00 OK
r-patched-linux-x86_64 0.0.3 15.58 51.61 67.19 OK
r-patched-solaris-x86 0.0.3 170.40 OK
r-release-linux-x86_64 0.0.3 18.44 50.98 69.42 OK
r-release-windows-ix86+x86_64 0.0.3 37.00 128.00 165.00 OK
r-release-osx-x86_64 0.0.3 OK
r-oldrel-windows-ix86+x86_64 0.0.3 46.00 152.00 198.00 OK
r-oldrel-osx-x86_64 0.0.3 OK

Check Details

Version: 0.0.3
Check: compiled code
Result: NOTE
    File ‘esaddle/libs/esaddle.so’:
     Found no calls to: ‘R_registerRoutines’, ‘R_useDynamicSymbols’
    
    It is good practice to register native routines and to disable symbol
    search.
    
    See ‘Writing portable packages’ in the ‘Writing R Extensions’ manual.
Flavors: r-devel-linux-x86_64-fedora-clang, r-devel-linux-x86_64-fedora-gcc