CRAN Package Check Results for Package estudy2

Last updated on 2022-08-19 05:52:49 CEST.

Flavor Version Tinstall Tcheck Ttotal Status Flags
r-devel-linux-x86_64-debian-clang 0.10.0 22.02 49.17 71.19 ERROR
r-devel-linux-x86_64-debian-gcc 0.10.0 16.62 38.15 54.77 ERROR
r-devel-linux-x86_64-fedora-clang 0.10.0 102.34 ERROR
r-devel-linux-x86_64-fedora-gcc 0.10.0 99.60 ERROR
r-devel-windows-x86_64 0.10.0 34.00 111.00 145.00 ERROR
r-patched-linux-x86_64 0.10.0 20.07 45.61 65.68 ERROR
r-release-linux-x86_64 0.10.0 ERROR
r-release-macos-arm64 0.10.0 39.00 OK
r-release-macos-x86_64 0.10.0 45.00 OK
r-release-windows-x86_64 0.10.0 33.00 96.00 129.00 ERROR
r-oldrel-macos-arm64 0.10.0 42.00 OK
r-oldrel-macos-x86_64 0.10.0 46.00 OK
r-oldrel-windows-ix86+x86_64 0.10.0 49.00 96.00 145.00 WARN

Check Details

Version: 0.10.0
Check: re-building of vignette outputs
Result: ERROR
    Error(s) in re-building vignettes:
     ...
    --- re-building 'estudy2-intro.Rmd' using rmarkdown
    Warning: FB download failed; trying again.
    Quitting from lines 56-63 (estudy2-intro.Rmd)
    Error: processing vignette 'estudy2-intro.Rmd' failed with diagnostics:
    Unable to import "FB".
    FB download failed after two attempts. Error message:
    HTTP error 404.
    --- failed re-building 'estudy2-intro.Rmd'
    
    SUMMARY: processing the following file failed:
     'estudy2-intro.Rmd'
    
    Error: Vignette re-building failed.
    Execution halted
Flavors: r-devel-linux-x86_64-debian-clang, r-devel-linux-x86_64-debian-gcc, r-patched-linux-x86_64, r-release-linux-x86_64

Version: 0.10.0
Check: re-building of vignette outputs
Result: ERROR
    Error(s) in re-building vignettes:
    --- re-building ‘estudy2-intro.Rmd’ using rmarkdown
    Warning: FB download failed; trying again.
    Quitting from lines 56-63 (estudy2-intro.Rmd)
    Error: processing vignette 'estudy2-intro.Rmd' failed with diagnostics:
    Unable to import "FB".
    FB download failed after two attempts. Error message:
    HTTP error 404.
    --- failed re-building ‘estudy2-intro.Rmd’
    
    SUMMARY: processing the following file failed:
     ‘estudy2-intro.Rmd’
    
    Error: Vignette re-building failed.
    Execution halted
Flavors: r-devel-linux-x86_64-fedora-clang, r-devel-linux-x86_64-fedora-gcc, r-devel-windows-x86_64, r-release-windows-x86_64

Version: 0.10.0
Check: re-building of vignette outputs
Result: WARN
    Error(s) in re-building vignettes:
    --- re-building 'estudy2-intro.Rmd' using rmarkdown
    Warning: FB download failed; trying again.
    Quitting from lines 56-63 (estudy2-intro.Rmd)
    Error: processing vignette 'estudy2-intro.Rmd' failed with diagnostics:
    Unable to import "FB".
    FB download failed after two attempts. Error message:
    HTTP error 404.
    --- failed re-building 'estudy2-intro.Rmd'
    
    SUMMARY: processing the following file failed:
     'estudy2-intro.Rmd'
    
    Error: Vignette re-building failed.
    Execution halted
Flavor: r-oldrel-windows-ix86+x86_64