CRAN Package Check Results for Package ethnobotanyR

Last updated on 2022-12-08 06:56:41 CET.

Flavor Version Tinstall Tcheck Ttotal Status Flags
r-devel-linux-x86_64-debian-clang 0.1.8 8.78 102.93 111.71 NOTE
r-devel-linux-x86_64-debian-gcc 0.1.8 6.06 78.55 84.61 NOTE
r-devel-linux-x86_64-fedora-clang 0.1.8 143.46 NOTE
r-devel-linux-x86_64-fedora-gcc 0.1.8 151.62 NOTE
r-devel-windows-x86_64 0.1.8 32.00 145.00 177.00 NOTE
r-patched-linux-x86_64 0.1.8 8.16 95.92 104.08 OK
r-release-linux-x86_64 0.1.8 5.56 95.77 101.33 OK
r-release-macos-arm64 0.1.8 44.00 OK
r-release-macos-x86_64 0.1.8 80.00 OK
r-release-windows-x86_64 0.1.8 42.00 138.00 180.00 OK
r-oldrel-macos-arm64 0.1.8 53.00 OK
r-oldrel-macos-x86_64 0.1.8 72.00 OK
r-oldrel-windows-ix86+x86_64 0.1.8 19.00 127.00 146.00 OK

Check Details

Version: 0.1.8
Check: package subdirectories
Result: NOTE
    Problems with news in 'NEWS.md':
    No news entries found.
Flavors: r-devel-linux-x86_64-debian-clang, r-devel-linux-x86_64-debian-gcc, r-devel-linux-x86_64-fedora-clang, r-devel-linux-x86_64-fedora-gcc, r-devel-windows-x86_64