CRAN Package Check Results for Package eva

Last updated on 2024-06-20 06:57:11 CEST.

Flavor Version Tinstall Tcheck Ttotal Status Flags
r-devel-linux-x86_64-debian-clang 0.2.6 10.09 123.03 133.12 OK
r-devel-linux-x86_64-debian-gcc 0.2.6 10.62 89.57 100.19 OK
r-devel-linux-x86_64-fedora-clang 0.2.6 168.20 NOTE
r-devel-linux-x86_64-fedora-gcc 0.2.6 177.00 NOTE
r-devel-windows-x86_64 0.2.6 13.00 107.00 120.00 OK
r-patched-linux-x86_64 0.2.6 15.48 115.69 131.17 OK
r-release-linux-x86_64 0.2.6 13.35 119.64 132.99 OK
r-release-macos-arm64 0.2.6 46.00 OK
r-release-macos-x86_64 0.2.6 81.00 OK
r-release-windows-x86_64 0.2.6 14.00 116.00 130.00 OK
r-oldrel-macos-arm64 0.2.6 56.00 OK
r-oldrel-macos-x86_64 0.2.6 88.00 OK
r-oldrel-windows-x86_64 0.2.6 15.00 127.00 142.00 OK

Check Details

Version: 0.2.6
Check: dependencies in R code
Result: NOTE Namespace in Imports field not imported from: ‘EnvStats’ All declared Imports should be used. Flavors: r-devel-linux-x86_64-fedora-clang, r-devel-linux-x86_64-fedora-gcc