Last updated on 2022-08-09 05:55:41 CEST.
Flavor | Version | Tinstall | Tcheck | Ttotal | Status | Flags |
---|---|---|---|---|---|---|
r-devel-linux-x86_64-debian-clang | 1.0.0 | 216.78 | 64.34 | 281.12 | OK | |
r-devel-linux-x86_64-debian-gcc | 1.0.0 | 174.04 | 49.34 | 223.38 | OK | |
r-devel-linux-x86_64-fedora-clang | 1.0.0 | 442.77 | NOTE | |||
r-devel-linux-x86_64-fedora-gcc | 1.0.0 | 382.93 | OK | |||
r-devel-windows-x86_64 | 1.0.0 | 170.00 | 118.00 | 288.00 | OK | |
r-patched-linux-x86_64 | 1.0.0 | 191.54 | 62.22 | 253.76 | OK | |
r-release-linux-x86_64 | 1.0.0 | OK | ||||
r-release-macos-arm64 | 1.0.0 | 92.00 | NOTE | |||
r-release-macos-x86_64 | 1.0.0 | 110.00 | NOTE | |||
r-release-windows-x86_64 | 1.0.0 | 172.00 | 117.00 | 289.00 | OK | |
r-oldrel-macos-arm64 | 1.0.0 | 86.00 | NOTE | |||
r-oldrel-macos-x86_64 | 1.0.0 | 108.00 | NOTE | |||
r-oldrel-windows-ix86+x86_64 | 1.0.0 | 541.00 | 115.00 | 656.00 | OK |
Version: 1.0.0
Check: installed package size
Result: NOTE
installed size is 5.6Mb
sub-directories of 1Mb or more:
libs 4.7Mb
Flavors: r-devel-linux-x86_64-fedora-clang, r-release-macos-arm64, r-release-macos-x86_64, r-oldrel-macos-arm64, r-oldrel-macos-x86_64