CRAN Package Check Results for Package evir

Last updated on 2020-07-15 05:48:00 CEST.

Flavor Version Tinstall Tcheck Ttotal Status Flags
r-devel-linux-x86_64-debian-clang 1.7-4 4.65 32.85 37.50 OK
r-devel-linux-x86_64-debian-gcc 1.7-4 3.90 25.86 29.76 OK
r-devel-linux-x86_64-fedora-clang 1.7-4 54.56 OK
r-devel-linux-x86_64-fedora-gcc 1.7-4 47.09 OK
r-devel-windows-ix86+x86_64 1.7-4 11.00 61.00 72.00 OK
r-patched-linux-x86_64 1.7-4 4.13 33.10 37.23 OK
r-patched-solaris-x86 1.7-4 64.20 OK
r-release-linux-x86_64 1.7-4 4.15 32.85 37.00 OK
r-release-macos-x86_64 1.7-4 ERROR
r-release-windows-ix86+x86_64 1.7-4 8.00 46.00 54.00 OK
r-oldrel-macos-x86_64 1.7-4 OK
r-oldrel-windows-ix86+x86_64 1.7-4 9.00 63.00 72.00 OK

Check Details

Version: 1.7-4
Check: whether package can be installed
Result: ERROR
    Installation failed.
Flavor: r-release-macos-x86_64