CRAN Package Check Results for Package evolqg

Last updated on 2022-09-27 05:52:11 CEST.

Flavor Version Tinstall Tcheck Ttotal Status Flags
r-devel-linux-x86_64-debian-clang 0.2-9 40.98 334.02 375.00 OK
r-devel-linux-x86_64-debian-gcc 0.2-9 31.91 235.24 267.15 OK
r-devel-linux-x86_64-fedora-clang 0.2-9 477.12 NOTE
r-devel-linux-x86_64-fedora-gcc 0.2-9 478.58 OK
r-devel-windows-x86_64 0.2-9 65.00 362.00 427.00 OK
r-patched-linux-x86_64 0.2-9 46.33 308.53 354.86 OK
r-release-linux-x86_64 0.2-9 38.03 312.87 350.90 OK
r-release-macos-arm64 0.2-9 104.00 OK
r-release-macos-x86_64 0.2-9 185.00 OK
r-release-windows-x86_64 0.2-9 75.00 364.00 439.00 OK
r-oldrel-macos-arm64 0.2-9 111.00 OK
r-oldrel-macos-x86_64 0.2-9 149.00 OK
r-oldrel-windows-ix86+x86_64 0.2-9 105.00 609.00 714.00 OK

Check Details

Version: 0.2-9
Check: Rd cross-references
Result: NOTE
    Undeclared package ‘PHENIX’ in Rd xrefs
Flavor: r-devel-linux-x86_64-fedora-clang