CRAN Package Check Results for Package exceedProb

Last updated on 2024-06-14 06:53:32 CEST.

Flavor Version Tinstall Tcheck Ttotal Status Flags
r-devel-linux-x86_64-debian-clang 0.0.1 32.81 28.15 60.96 NOTE
r-devel-linux-x86_64-debian-gcc 0.0.1 22.49 21.57 44.06 NOTE
r-devel-linux-x86_64-fedora-clang 0.0.1 89.25 NOTE
r-devel-linux-x86_64-fedora-gcc 0.0.1 85.47 NOTE
r-devel-windows-x86_64 0.0.1 25.00 58.00 83.00 NOTE
r-patched-linux-x86_64 0.0.1 29.12 27.46 56.58 NOTE
r-release-linux-x86_64 0.0.1 29.60 27.38 56.98 NOTE
r-release-macos-arm64 0.0.1 23.00 NOTE
r-release-macos-x86_64 0.0.1 33.00 NOTE
r-release-windows-x86_64 0.0.1 25.00 61.00 86.00 NOTE
r-oldrel-macos-arm64 0.0.1 25.00 NOTE
r-oldrel-macos-x86_64 0.0.1 38.00 NOTE
r-oldrel-windows-x86_64 0.0.1 27.00 70.00 97.00 NOTE

Check Details

Version: 0.0.1
Check: LazyData
Result: NOTE 'LazyData' is specified without a 'data' directory Flavors: r-devel-linux-x86_64-debian-clang, r-devel-linux-x86_64-debian-gcc, r-devel-linux-x86_64-fedora-clang, r-devel-linux-x86_64-fedora-gcc, r-devel-windows-x86_64, r-patched-linux-x86_64, r-release-linux-x86_64, r-release-macos-arm64, r-release-macos-x86_64, r-release-windows-x86_64, r-oldrel-macos-arm64, r-oldrel-macos-x86_64, r-oldrel-windows-x86_64

Version: 0.0.1
Check: C++ specification
Result: NOTE Specified C++11: please drop specification unless essential Flavors: r-devel-windows-x86_64, r-release-windows-x86_64, r-oldrel-windows-x86_64