CRAN Package Check Results for Package expowo

Last updated on 2024-06-13 06:58:00 CEST.

Flavor Version Tinstall Tcheck Ttotal Status Flags
r-devel-linux-x86_64-debian-clang 2.0 36.07 291.31 327.38 OK
r-devel-linux-x86_64-debian-gcc 2.0 0.44 1.78 2.22 ERROR
r-devel-linux-x86_64-fedora-clang 2.0 413.21 NOTE
r-devel-linux-x86_64-fedora-gcc 2.0 364.03 NOTE
r-devel-windows-x86_64 2.0 26.00 172.00 198.00 OK
r-patched-linux-x86_64 2.0 25.39 272.28 297.67 OK
r-release-linux-x86_64 2.0 29.89 270.36 300.25 OK
r-release-macos-arm64 2.0 84.00 OK
r-release-macos-x86_64 2.0 129.00 OK
r-release-windows-x86_64 2.0 26.00 177.00 203.00 OK
r-oldrel-macos-arm64 2.0 84.00 OK
r-oldrel-macos-x86_64 2.0 210.00 OK
r-oldrel-windows-x86_64 2.0 33.00 211.00 244.00 OK

Check Details

Version: 2.0
Check: package dependencies
Result: ERROR Packages required but not available: 'dplyr', 'ggplot2', 'flora', 'tibble', 'cowplot', 'PupillometryR' Package suggested but not available for checking: ‘testthat’ See section ‘The DESCRIPTION file’ in the ‘Writing R Extensions’ manual. Flavor: r-devel-linux-x86_64-debian-gcc

Version: 2.0
Check: data for non-ASCII characters
Result: NOTE Note: found 1 marked UTF-8 string Flavors: r-devel-linux-x86_64-fedora-clang, r-devel-linux-x86_64-fedora-gcc