CRAN Package Check Results for Package extraDistr

Last updated on 2022-07-07 05:56:01 CEST.

Flavor Version Tinstall Tcheck Ttotal Status Flags
r-devel-linux-x86_64-debian-clang 1.9.1 450.47 93.30 543.77 NOTE
r-devel-linux-x86_64-debian-gcc 1.9.1 352.84 72.67 425.51 NOTE
r-devel-linux-x86_64-fedora-clang 1.9.1 946.40 NOTE
r-devel-linux-x86_64-fedora-gcc 1.9.1 760.46 NOTE
r-devel-windows-x86_64 1.9.1 481.00 155.00 636.00 NOTE
r-patched-linux-x86_64 1.9.1 387.56 88.95 476.51 NOTE
r-release-linux-x86_64 1.9.1 362.97 90.91 453.88 NOTE
r-release-macos-arm64 1.9.1 153.00 NOTE
r-release-macos-x86_64 1.9.1 228.00 NOTE
r-release-windows-x86_64 1.9.1 478.00 162.00 640.00 NOTE
r-oldrel-macos-arm64 1.9.1 175.00 NOTE
r-oldrel-macos-x86_64 1.9.1 235.00 NOTE
r-oldrel-windows-ix86+x86_64 1.9.1 1112.00 233.00 1345.00 NOTE

Check Details

Version: 1.9.1
Check: LazyData
Result: NOTE
     'LazyData' is specified without a 'data' directory
Flavors: r-devel-linux-x86_64-debian-clang, r-devel-linux-x86_64-debian-gcc, r-devel-linux-x86_64-fedora-clang, r-devel-linux-x86_64-fedora-gcc, r-devel-windows-x86_64, r-patched-linux-x86_64, r-release-linux-x86_64, r-release-macos-arm64, r-release-macos-x86_64, r-release-windows-x86_64, r-oldrel-macos-arm64, r-oldrel-macos-x86_64, r-oldrel-windows-ix86+x86_64

Version: 1.9.1
Check: installed package size
Result: NOTE
     installed size is 11.2Mb
     sub-directories of 1Mb or more:
     libs 10.6Mb
Flavors: r-devel-linux-x86_64-fedora-clang, r-release-macos-arm64, r-release-macos-x86_64, r-oldrel-macos-arm64, r-oldrel-macos-x86_64