CRAN Package Check Results for Package extremis

Last updated on 2024-06-14 06:53:32 CEST.

Flavor Version Tinstall Tcheck Ttotal Status Flags
r-devel-linux-x86_64-debian-clang 1.2.1 9.62 82.63 92.25 OK
r-devel-linux-x86_64-debian-gcc 1.2.1 8.41 63.33 71.74 OK
r-devel-linux-x86_64-fedora-clang 1.2.1 119.68 NOTE
r-devel-linux-x86_64-fedora-gcc 1.2.1 109.97 NOTE
r-devel-windows-x86_64 1.2.1 11.00 79.00 90.00 OK
r-patched-linux-x86_64 1.2.1 9.68 81.10 90.78 OK
r-release-linux-x86_64 1.2.1 9.34 80.10 89.44 OK
r-release-macos-arm64 1.2.1 35.00 OK
r-release-macos-x86_64 1.2.1 56.00 OK
r-release-windows-x86_64 1.2.1 11.00 80.00 91.00 OK
r-oldrel-macos-arm64 1.2.1 40.00 OK
r-oldrel-macos-x86_64 1.2.1 64.00 OK
r-oldrel-windows-x86_64 1.2.1 14.00 96.00 110.00 OK

Check Details

Version: 1.2.1
Check: compiled code
Result: NOTE File ‘extremis/libs/extremis.so’: Found no calls to: ‘R_registerRoutines’, ‘R_useDynamicSymbols’ It is good practice to register native routines and to disable symbol search. See ‘Writing portable packages’ in the ‘Writing R Extensions’ manual. Flavors: r-devel-linux-x86_64-fedora-clang, r-devel-linux-x86_64-fedora-gcc