CRAN Package Check Results for Package fDMA

Last updated on 2019-09-16 05:46:55 CEST.

Flavor Version Tinstall Tcheck Ttotal Status Flags
r-devel-linux-x86_64-debian-clang 2.2.4 35.71 98.50 134.21 NOTE
r-devel-linux-x86_64-debian-gcc 2.2.4 30.34 74.62 104.96 NOTE
r-devel-linux-x86_64-fedora-clang 2.2.4 172.40 NOTE
r-devel-linux-x86_64-fedora-gcc 2.2.4 167.64 NOTE
r-devel-windows-ix86+x86_64 2.2.4 97.00 224.00 321.00 NOTE
r-patched-linux-x86_64 2.2.4 35.27 98.08 133.35 NOTE
r-patched-solaris-x86 2.2.4 200.90 NOTE
r-release-linux-x86_64 2.2.4 34.73 96.69 131.42 NOTE
r-release-windows-ix86+x86_64 2.2.4 65.00 147.00 212.00 NOTE
r-release-osx-x86_64 2.2.4 NOTE
r-oldrel-windows-ix86+x86_64 2.2.4 94.00 145.00 239.00 OK
r-oldrel-osx-x86_64 2.2.4 OK

Check Details

Version: 2.2.4
Check: line endings in C/C++/Fortran sources/headers
Result: NOTE
    Found the following sources/headers with CR or CRLF line endings:
     inst/include/fDMA.h
    Some Unix compilers require LF line endings.
Flavors: r-devel-linux-x86_64-debian-clang, r-devel-linux-x86_64-debian-gcc, r-devel-linux-x86_64-fedora-clang, r-devel-linux-x86_64-fedora-gcc, r-devel-windows-ix86+x86_64, r-patched-linux-x86_64, r-patched-solaris-x86, r-release-linux-x86_64, r-release-windows-ix86+x86_64, r-release-osx-x86_64