CRAN Package Check Results for Package fDMA

Last updated on 2019-07-16 05:48:12 CEST.

Flavor Version Tinstall Tcheck Ttotal Status Flags
r-devel-linux-x86_64-debian-clang 2.2.4 33.58 100.20 133.78 NOTE
r-devel-linux-x86_64-debian-gcc 2.2.4 29.49 76.01 105.50 NOTE
r-devel-linux-x86_64-fedora-clang 2.2.4 169.30 NOTE
r-devel-linux-x86_64-fedora-gcc 2.2.4 169.00 NOTE
r-devel-windows-ix86+x86_64 2.2.4 106.00 222.00 328.00 NOTE
r-patched-linux-x86_64 2.2.4 31.75 97.59 129.34 NOTE
r-patched-solaris-x86 2.2.4 214.40 NOTE
r-release-linux-x86_64 2.2.4 33.07 97.35 130.42 NOTE
r-release-windows-ix86+x86_64 2.2.4 69.00 223.00 292.00 NOTE
r-release-osx-x86_64 2.2.4 NOTE
r-oldrel-windows-ix86+x86_64 2.2.4 100.00 149.00 249.00 OK
r-oldrel-osx-x86_64 2.2.4 OK

Check Details

Version: 2.2.4
Check: line endings in C/C++/Fortran sources/headers
Result: NOTE
    Found the following sources/headers with CR or CRLF line endings:
     inst/include/fDMA.h
    Some Unix compilers require LF line endings.
Flavors: r-devel-linux-x86_64-debian-clang, r-devel-linux-x86_64-debian-gcc, r-devel-linux-x86_64-fedora-clang, r-devel-linux-x86_64-fedora-gcc, r-devel-windows-ix86+x86_64, r-patched-linux-x86_64, r-patched-solaris-x86, r-release-linux-x86_64, r-release-windows-ix86+x86_64, r-release-osx-x86_64