CRAN Package Check Results for Package fGarch

Last updated on 2021-01-15 05:48:49 CET.

Flavor Version Tinstall Tcheck Ttotal Status Flags
r-devel-linux-x86_64-debian-clang 3042.83.2 11.20 86.19 97.39 OK
r-devel-linux-x86_64-debian-gcc 3042.83.2 9.51 81.65 91.16 OK
r-devel-linux-x86_64-fedora-clang 3042.83.2 130.59 NOTE
r-devel-linux-x86_64-fedora-gcc 3042.83.2 116.08 NOTE
r-devel-windows-ix86+x86_64 3042.83.2 28.00 132.00 160.00 OK
r-patched-linux-x86_64 3042.83.2 9.39 81.15 90.54 OK
r-patched-solaris-x86 3042.83.2 155.00 OK
r-release-linux-x86_64 3042.83.2 10.92 81.71 92.63 OK
r-release-macos-x86_64 3042.83.2 OK
r-release-windows-ix86+x86_64 3042.83.2 21.00 121.00 142.00 OK
r-oldrel-macos-x86_64 3042.83.2 OK
r-oldrel-windows-ix86+x86_64 3042.83.2 15.00 106.00 121.00 OK

Check Details

Version: 3042.83.2
Check: compiled code
Result: NOTE
    File ‘fGarch/libs/fGarch.so’:
     Found no calls to: ‘R_registerRoutines’, ‘R_useDynamicSymbols’
    
    It is good practice to register native routines and to disable symbol
    search.
    
    See ‘Writing portable packages’ in the ‘Writing R Extensions’ manual.
Flavors: r-devel-linux-x86_64-fedora-clang, r-devel-linux-x86_64-fedora-gcc