CRAN Package Check Results for Package fICA

Last updated on 2022-08-16 05:53:59 CEST.

Flavor Version Tinstall Tcheck Ttotal Status Flags
r-devel-linux-x86_64-debian-clang 1.1-2 46.69 35.39 82.08 OK
r-devel-linux-x86_64-debian-gcc 1.1-2 30.23 27.50 57.73 OK
r-devel-linux-x86_64-fedora-clang 1.1-2 118.82 OK
r-devel-linux-x86_64-fedora-gcc 1.1-2 101.38 OK
r-devel-windows-x86_64 1.1-2 37.00 76.00 113.00 OK
r-patched-linux-x86_64 1.1-2 32.20 33.51 65.71 OK
r-release-linux-x86_64 1.1-2 31.84 33.52 65.36 OK
r-release-macos-arm64 1.1-2 32.00 OK
r-release-macos-x86_64 1.1-2 43.00 OK
r-release-windows-x86_64 1.1-2 36.00 79.00 115.00 OK
r-oldrel-macos-arm64 1.1-2 36.00 NOTE
r-oldrel-macos-x86_64 1.1-2 43.00 OK
r-oldrel-windows-ix86+x86_64 1.1-2 87.00 83.00 170.00 OK

Check Details

Version: 1.1-2
Check: installed package size
Result: NOTE
     installed size is 5.5Mb
     sub-directories of 1Mb or more:
     libs 5.3Mb
Flavor: r-oldrel-macos-arm64