CRAN Package Check Results for Package fPortfolio

Last updated on 2024-06-13 06:58:02 CEST.

Flavor Version Tinstall Tcheck Ttotal Status Flags
r-devel-linux-x86_64-debian-clang 4023.84 27.95 189.00 216.95 NOTE
r-devel-linux-x86_64-debian-gcc 4023.84 0.57 1.59 2.16 ERROR
r-devel-linux-x86_64-fedora-clang 4023.84 278.96 NOTE
r-devel-linux-x86_64-fedora-gcc 4023.84 257.30 NOTE
r-devel-windows-x86_64 4023.84 24.00 136.00 160.00 OK
r-patched-linux-x86_64 4023.84 31.78 179.34 211.12 NOTE
r-release-linux-x86_64 4023.84 28.22 181.64 209.86 NOTE
r-release-macos-arm64 4023.84 63.00 NOTE
r-release-macos-x86_64 4023.84 106.00 NOTE
r-release-windows-x86_64 4023.84 27.00 143.00 170.00 OK
r-oldrel-macos-arm64 4023.84 65.00 OK
r-oldrel-macos-x86_64 4023.84 149.00 OK
r-oldrel-windows-x86_64 4023.84 32.00 171.00 203.00 OK

Check Details

Version: 4023.84
Check: package dependencies
Result: NOTE Package suggested but not available for checking: ‘bcp’ Flavors: r-devel-linux-x86_64-debian-clang, r-devel-linux-x86_64-fedora-clang, r-devel-linux-x86_64-fedora-gcc, r-patched-linux-x86_64, r-release-linux-x86_64, r-release-macos-arm64, r-release-macos-x86_64

Version: 4023.84
Check: package dependencies
Result: ERROR Package required but not available: ‘fAssets’ Packages suggested but not available for checking: 'parma', 'dplR', 'bcp' See section ‘The DESCRIPTION file’ in the ‘Writing R Extensions’ manual. Flavor: r-devel-linux-x86_64-debian-gcc