CRAN Package Check Results for Package fabMix

Last updated on 2019-12-15 05:47:38 CET.

Flavor Version Tinstall Tcheck Ttotal Status Flags
r-devel-linux-x86_64-debian-clang 4.5 50.23 89.74 139.97 OK
r-devel-linux-x86_64-debian-gcc 4.5 37.29 67.89 105.18 OK
r-devel-linux-x86_64-fedora-clang 4.5 172.90 OK
r-devel-linux-x86_64-fedora-gcc 4.5 166.00 OK
r-devel-windows-ix86+x86_64 4.5 84.00 190.00 274.00 OK
r-devel-windows-ix86+x86_64-gcc8 4.5 108.00 206.00 314.00 OK
r-patched-linux-x86_64 4.5 41.08 78.95 120.03 OK
r-patched-solaris-x86 4.5 184.10 OK
r-release-linux-x86_64 4.5 38.31 79.05 117.36 OK
r-release-windows-ix86+x86_64 4.5 87.00 129.00 216.00 OK
r-release-osx-x86_64 4.5 OK
r-oldrel-windows-ix86+x86_64 4.5 75.00 123.00 198.00 WARN
r-oldrel-osx-x86_64 4.5 OK

Check Details

Version: 4.5
Check: whether package can be installed
Result: WARN
    Found the following significant warnings:
     Warning: S3 methods '[.fun_list', '[.grouped_df', 'all.equal.tbl_df', 'anti_join.data.frame', 'anti_join.tbl_df', 'arrange.data.frame', 'arrange.default', 'arrange.grouped_df', 'arrange.tbl_df', 'arrange_.data.frame', 'arrange_.tbl_df', 'as.data.frame.grouped_df', 'as.data.frame.rowwise_df', 'as.data.frame.tbl_cube', 'as.table.tbl_cube', 'as.tbl.data.frame', 'as.tbl.tbl', 'as.tbl_cube.array', 'as.tbl_cube.data.frame', 'as.tbl_cube.matrix', 'as.tbl_cube.table', 'as_tibble.grouped_df', 'as_tibble.tbl_cube', 'auto_copy.tbl_cube', 'auto_copy.tbl_df', 'cbind.grouped_df', 'collapse.data.frame', 'collect.data.frame', 'common_by.NULL', 'common_by.character', 'common_by.default', 'common_by.list', 'compute.data.frame', 'copy_to.DBIConnection', 'copy_to.src_local', 'default_missing.data.frame', 'default_missing.default', 'dim.tbl_cube', 'distinct.data.frame', 'distinct.default', 'distinct.grouped_df', 'distinct.tbl_df', 'distinct_.data.frame', 'distinct_.grouped_df', 'distinct_.tbl_df', 'do.NULL', 'do.da [... truncated]
Flavor: r-oldrel-windows-ix86+x86_64