CRAN Package Check Results for Package fabletools

Last updated on 2022-01-29 05:52:13 CET.

Flavor Version Tinstall Tcheck Ttotal Status Flags
r-devel-linux-x86_64-debian-clang 0.3.2 15.71 233.08 248.79 OK
r-devel-linux-x86_64-debian-gcc 0.3.2 12.58 168.92 181.50 OK
r-devel-linux-x86_64-fedora-clang 0.3.2 295.17 NOTE
r-devel-linux-x86_64-fedora-gcc 0.3.2 281.16 OK
r-devel-windows-x86_64-new-UL 0.3.2 269.00 259.00 528.00 OK
r-devel-windows-x86_64-new-TK 0.3.2 OK
r-patched-linux-x86_64 0.3.2 18.63 198.43 217.06 OK
r-release-linux-x86_64 0.3.2 12.04 198.25 210.29 OK
r-release-macos-arm64 0.3.2 OK
r-release-macos-x86_64 0.3.2 OK
r-release-windows-ix86+x86_64 0.3.2 31.00 232.00 263.00 OK
r-oldrel-macos-x86_64 0.3.2 OK
r-oldrel-windows-ix86+x86_64 0.3.2 32.00 236.00 268.00 OK

Check Details

Version: 0.3.2
Check: Rd cross-references
Result: NOTE
    Undeclared package ‘future’ in Rd xrefs
Flavor: r-devel-linux-x86_64-fedora-clang