CRAN Package Check Results for Package factorstochvol

Last updated on 2021-12-07 05:55:04 CET.

Flavor Version Tinstall Tcheck Ttotal Status Flags
r-devel-linux-x86_64-debian-clang 1.0.0 97.22 111.56 208.78 OK
r-devel-linux-x86_64-debian-gcc 1.0.0 78.88 84.10 162.98 OK
r-devel-linux-x86_64-fedora-clang 1.0.0 300.87 NOTE
r-devel-linux-x86_64-fedora-gcc 1.0.0 272.72 OK
r-devel-windows-x86_64-new-UL 1.0.0 126.00 201.00 327.00 OK
r-devel-windows-x86_64-new-TK 1.0.0 OK
r-devel-windows-x86_64-old 1.0.0 130.00 130.00 260.00 OK
r-patched-linux-x86_64 1.0.0 95.21 108.96 204.17 OK
r-release-linux-x86_64 1.0.0 84.40 108.49 192.89 OK
r-release-macos-arm64 1.0.0 NOTE
r-release-macos-x86_64 1.0.0 NOTE
r-release-windows-ix86+x86_64 1.0.0 202.00 146.00 348.00 NOTE
r-oldrel-macos-x86_64 1.0.0 NOTE
r-oldrel-windows-ix86+x86_64 1.0.0 194.00 144.00 338.00 NOTE

Check Details

Version: 1.0.0
Check: installed package size
Result: NOTE
     installed size is 7.1Mb
     sub-directories of 1Mb or more:
     doc 2.5Mb
     libs 4.3Mb
Flavors: r-devel-linux-x86_64-fedora-clang, r-release-macos-arm64, r-release-macos-x86_64, r-release-windows-ix86+x86_64, r-oldrel-macos-x86_64, r-oldrel-windows-ix86+x86_64