CRAN Package Check Results for Package fastM

Last updated on 2022-08-12 05:52:46 CEST.

Flavor Version Tinstall Tcheck Ttotal Status Flags
r-devel-linux-x86_64-debian-clang 0.0-4 33.20 32.18 65.38 OK
r-devel-linux-x86_64-debian-gcc 0.0-4 24.26 24.49 48.75 OK
r-devel-linux-x86_64-fedora-clang 0.0-4 104.28 NOTE
r-devel-linux-x86_64-fedora-gcc 0.0-4 88.34 OK
r-devel-windows-x86_64 0.0-4 37.00 74.00 111.00 OK
r-patched-linux-x86_64 0.0-4 26.11 31.32 57.43 OK
r-release-linux-x86_64 0.0-4 25.45 31.31 56.76 OK
r-release-macos-arm64 0.0-4 30.00 OK
r-release-macos-x86_64 0.0-4 39.00 OK
r-release-windows-x86_64 0.0-4 37.00 76.00 113.00 OK
r-oldrel-macos-arm64 0.0-4 32.00 OK
r-oldrel-macos-x86_64 0.0-4 47.00 OK
r-oldrel-windows-ix86+x86_64 0.0-4 77.00 77.00 154.00 OK

Check Details

Version: 0.0-4
Check: Rd cross-references
Result: NOTE
    Undeclared packages ‘ICSNP’, ‘ICS’ in Rd xrefs
Flavor: r-devel-linux-x86_64-fedora-clang