CRAN Package Check Results for Package fastMatMR

Last updated on 2024-06-23 06:56:32 CEST.

Flavor Version Tinstall Tcheck Ttotal Status Flags
r-devel-linux-x86_64-debian-clang 1.2.5 32.12 38.90 71.02 NOTE
r-devel-linux-x86_64-debian-gcc 1.2.5 26.91 30.36 57.27 NOTE
r-devel-linux-x86_64-fedora-clang 1.2.5 94.23 NOTE
r-devel-linux-x86_64-fedora-gcc 1.2.5 119.18 NOTE
r-devel-windows-x86_64 1.2.5 30.00 84.00 114.00 NOTE
r-patched-linux-x86_64 1.2.5 36.24 37.08 73.32 OK
r-release-linux-x86_64 1.2.5 36.46 37.38 73.84 OK
r-release-macos-arm64 1.2.5 38.00 NOTE
r-release-macos-x86_64 1.2.5 65.00 NOTE
r-release-windows-x86_64 1.2.5 30.00 90.00 120.00 OK
r-oldrel-macos-arm64 1.2.5 53.00 NOTE
r-oldrel-macos-x86_64 1.2.5 116.00 NOTE
r-oldrel-windows-x86_64 1.2.5 29.00 93.00 122.00 OK

Check Details

Version: 1.2.5
Check: compiled code
Result: NOTE File ‘fastMatMR/libs/fastMatMR.so’: Found non-API calls to R: ‘SETLENGTH’, ‘SET_GROWABLE_BIT’, ‘SET_TRUELENGTH’ Compiled code should not call non-API entry points in R. See ‘Writing portable packages’ in the ‘Writing R Extensions’ manual. Flavors: r-devel-linux-x86_64-debian-clang, r-devel-linux-x86_64-debian-gcc, r-devel-linux-x86_64-fedora-clang, r-devel-linux-x86_64-fedora-gcc

Version: 1.2.5
Check: compiled code
Result: NOTE File 'fastMatMR/libs/x64/fastMatMR.dll': Found non-API calls to R: 'SETLENGTH', 'SET_GROWABLE_BIT', 'SET_TRUELENGTH' Compiled code should not call non-API entry points in R. See 'Writing portable packages' in the 'Writing R Extensions' manual. Flavor: r-devel-windows-x86_64

Version: 1.2.5
Check: installed package size
Result: NOTE installed size is 5.6Mb sub-directories of 1Mb or more: libs 4.7Mb Flavors: r-release-macos-arm64, r-release-macos-x86_64, r-oldrel-macos-arm64, r-oldrel-macos-x86_64