CRAN Package Check Results for Package fastR2

Last updated on 2022-01-27 05:55:52 CET.

Flavor Version Tinstall Tcheck Ttotal Status Flags
r-devel-linux-x86_64-debian-clang 1.2.1 14.18 156.98 171.16 NOTE
r-devel-linux-x86_64-debian-gcc 1.2.1 10.31 118.94 129.25 NOTE
r-devel-linux-x86_64-fedora-clang 1.2.1 196.28 NOTE
r-devel-linux-x86_64-fedora-gcc 1.2.1 192.75 NOTE
r-devel-windows-x86_64-new-UL 1.2.1 345.00 249.00 594.00 NOTE
r-devel-windows-x86_64-new-TK 1.2.1 NOTE
r-patched-linux-x86_64 1.2.1 19.55 139.28 158.83 NOTE
r-release-linux-x86_64 1.2.1 11.92 140.43 152.35 NOTE
r-release-macos-arm64 1.2.1 NOTE
r-release-macos-x86_64 1.2.1 NOTE
r-release-windows-ix86+x86_64 1.2.1 39.00 180.00 219.00 OK
r-oldrel-macos-x86_64 1.2.1 OK
r-oldrel-windows-ix86+x86_64 1.2.1 38.00 180.00 218.00 OK

Check Details

Version: 1.2.1
Check: package dependencies
Result: NOTE
    Package suggested but not available for checking: 'alr3'
Flavors: r-devel-linux-x86_64-debian-clang, r-devel-linux-x86_64-debian-gcc, r-devel-linux-x86_64-fedora-clang, r-devel-linux-x86_64-fedora-gcc, r-devel-windows-x86_64-new-UL, r-patched-linux-x86_64, r-release-linux-x86_64, r-release-macos-arm64, r-release-macos-x86_64

Version: 1.2.1
Check: package dependencies
Result: NOTE
    Packages suggested but not available for checking:
     'faraway', 'car', 'alr3', 'BradleyTerry2'
Flavor: r-devel-windows-x86_64-new-TK