CRAN Package Check Results for Package fastTS

Last updated on 2024-06-13 06:58:01 CEST.

Flavor Version Tinstall Tcheck Ttotal Status Flags
r-devel-linux-x86_64-debian-clang 1.0.1 6.41 319.19 325.60 OK
r-devel-linux-x86_64-debian-gcc 1.0.1 0.30 1.84 2.14 ERROR
r-devel-linux-x86_64-fedora-clang 1.0.1 417.36 OK
r-devel-linux-x86_64-fedora-gcc 1.0.1 446.78 OK
r-devel-windows-x86_64 1.0.1 7.00 269.00 276.00 OK
r-patched-linux-x86_64 1.0.1 5.09 340.93 346.02 OK
r-release-linux-x86_64 1.0.1 5.09 358.82 363.91 OK
r-release-macos-arm64 1.0.1 183.00 OK
r-release-macos-x86_64 1.0.1 402.00 OK
r-release-windows-x86_64 1.0.1 7.00 266.00 273.00 OK
r-oldrel-macos-arm64 1.0.1 197.00 OK
r-oldrel-macos-x86_64 1.0.1 464.00 OK
r-oldrel-windows-x86_64 1.0.1 8.00 367.00 375.00 OK

Check Details

Version: 1.0.1
Check: package dependencies
Result: ERROR Packages required but not available: 'dplyr', 'yardstick' Packages suggested but not available for checking: 'kableExtra', 'testthat', 'tibble' See section ‘The DESCRIPTION file’ in the ‘Writing R Extensions’ manual. Flavor: r-devel-linux-x86_64-debian-gcc