Last updated on 2022-08-12 05:52:46 CEST.
Flavor | Version | Tinstall | Tcheck | Ttotal | Status | Flags |
---|---|---|---|---|---|---|
r-devel-linux-x86_64-debian-clang | 2.0.0 | 142.04 | 35.47 | 177.51 | WARN | |
r-devel-linux-x86_64-debian-gcc | 2.0.0 | 107.98 | 27.27 | 135.25 | OK | |
r-devel-linux-x86_64-fedora-clang | 2.0.0 | 282.25 | WARN | |||
r-devel-linux-x86_64-fedora-gcc | 2.0.0 | 231.52 | OK | |||
r-devel-windows-x86_64 | 2.0.0 | 113.00 | 90.00 | 203.00 | OK | |
r-patched-linux-x86_64 | 2.0.0 | 114.99 | 33.63 | 148.62 | OK | |
r-release-linux-x86_64 | 2.0.0 | 106.80 | 33.90 | 140.70 | OK | |
r-release-macos-arm64 | 2.0.0 | 57.00 | NOTE | |||
r-release-macos-x86_64 | 2.0.0 | 78.00 | NOTE | |||
r-release-windows-x86_64 | 2.0.0 | 111.00 | 94.00 | 205.00 | OK | |
r-oldrel-macos-arm64 | 2.0.0 | 62.00 | NOTE | |||
r-oldrel-macos-x86_64 | 2.0.0 | 103.00 | NOTE | |||
r-oldrel-windows-ix86+x86_64 | 2.0.0 | 325.00 | 83.00 | 408.00 | OK |
Version: 2.0.0
Check: whether package can be installed
Result: WARN
Found the following significant warnings:
clean.cc:18:10: warning: use of bitwise '|' with boolean operands [-Wbitwise-instead-of-logical]
clean.cc:29:10: warning: use of bitwise '|' with boolean operands [-Wbitwise-instead-of-logical]
clean.cc:70:25: warning: use of bitwise '|' with boolean operands [-Wbitwise-instead-of-logical]
clean.cc:74:25: warning: use of bitwise '&' with boolean operands [-Wbitwise-instead-of-logical]
Flavors: r-devel-linux-x86_64-debian-clang, r-devel-linux-x86_64-fedora-clang
Version: 2.0.0
Check: installed package size
Result: NOTE
installed size is 6.2Mb
sub-directories of 1Mb or more:
doc 1.9Mb
libs 4.2Mb
Flavors: r-devel-linux-x86_64-fedora-clang, r-release-macos-arm64, r-release-macos-x86_64, r-oldrel-macos-arm64, r-oldrel-macos-x86_64