CRAN Package Check Results for Package fastdigest

Last updated on 2021-01-18 05:47:23 CET.

Flavor Version Tinstall Tcheck Ttotal Status Flags
r-devel-linux-x86_64-debian-clang 0.6-3 2.92 20.03 22.95 OK
r-devel-linux-x86_64-debian-gcc 0.6-3 2.23 16.49 18.72 OK
r-devel-linux-x86_64-fedora-clang 0.6-3 38.89 NOTE
r-devel-linux-x86_64-fedora-gcc 0.6-3 28.45 NOTE
r-devel-windows-ix86+x86_64 0.6-3 7.00 34.00 41.00 OK
r-patched-linux-x86_64 0.6-3 2.53 19.49 22.02 OK
r-patched-solaris-x86 0.6-3 44.70 OK
r-release-linux-x86_64 0.6-3 2.69 19.50 22.19 OK
r-release-macos-x86_64 0.6-3 OK
r-release-windows-ix86+x86_64 0.6-3 8.00 31.00 39.00 OK
r-oldrel-macos-x86_64 0.6-3 OK
r-oldrel-windows-ix86+x86_64 0.6-3 7.00 30.00 37.00 OK

Check Details

Version: 0.6-3
Check: compiled code
Result: NOTE
    File ‘fastdigest/libs/fastdigest.so’:
     Found no call to: ‘R_useDynamicSymbols’
    
    It is good practice to register native routines and to disable symbol
    search.
    
    See ‘Writing portable packages’ in the ‘Writing R Extensions’ manual.
Flavors: r-devel-linux-x86_64-fedora-clang, r-devel-linux-x86_64-fedora-gcc