CRAN Package Check Results for Package fastglm

Last updated on 2019-08-21 05:46:51 CEST.

Flavor Version Tinstall Tcheck Ttotal Status Flags
r-devel-linux-x86_64-debian-clang 0.0.1 85.37 54.32 139.69 NOTE
r-devel-linux-x86_64-debian-gcc 0.0.1 84.68 44.99 129.67 NOTE
r-devel-linux-x86_64-fedora-clang 0.0.1 204.93 NOTE
r-devel-linux-x86_64-fedora-gcc 0.0.1 228.14 OK
r-devel-windows-ix86+x86_64 0.0.1 216.00 121.00 337.00 NOTE
r-patched-linux-x86_64 0.0.1 101.04 57.57 158.61 OK
r-patched-solaris-x86 0.0.1 361.60 OK
r-release-linux-x86_64 0.0.1 103.10 57.48 160.58 OK
r-release-windows-ix86+x86_64 0.0.1 154.00 100.00 254.00 OK
r-release-osx-x86_64 0.0.1 NOTE
r-oldrel-windows-ix86+x86_64 0.0.1 202.00 120.00 322.00 OK
r-oldrel-osx-x86_64 0.0.1 NOTE

Check Details

Version: 0.0.1
Check: package vignettes
Result: NOTE
    Package vignette with placeholder title 'Vignette Title':
     'quick-usage-guide-to-the-fastglm-package.Rmd'
Flavors: r-devel-linux-x86_64-debian-clang, r-devel-linux-x86_64-debian-gcc, r-devel-windows-ix86+x86_64

Version: 0.0.1
Check: installed package size
Result: NOTE
     installed size is 39.5Mb
     sub-directories of 1Mb or more:
     libs 39.4Mb
Flavors: r-devel-linux-x86_64-fedora-clang, r-release-osx-x86_64, r-oldrel-osx-x86_64