CRAN Package Check Results for Package fastglm

Last updated on 2019-12-07 05:47:32 CET.

Flavor Version Tinstall Tcheck Ttotal Status Flags
r-devel-linux-x86_64-debian-clang 0.0.1 92.06 56.65 148.71 NOTE
r-devel-linux-x86_64-debian-gcc 0.0.1 92.48 46.27 138.75 NOTE
r-devel-linux-x86_64-fedora-clang 0.0.1 203.69 NOTE
r-devel-linux-x86_64-fedora-gcc 0.0.1 220.02 OK
r-devel-windows-ix86+x86_64 0.0.1 158.00 117.00 275.00 NOTE
r-devel-windows-ix86+x86_64-gcc8 0.0.1 185.00 106.00 291.00 NOTE
r-patched-linux-x86_64 0.0.1 104.17 56.55 160.72 OK
r-patched-solaris-x86 0.0.1 335.60 OK
r-release-linux-x86_64 0.0.1 100.82 56.45 157.27 OK
r-release-windows-ix86+x86_64 0.0.1 213.00 99.00 312.00 OK
r-release-osx-x86_64 0.0.1 NOTE
r-oldrel-windows-ix86+x86_64 0.0.1 162.00 92.00 254.00 OK
r-oldrel-osx-x86_64 0.0.1 NOTE

Check Details

Version: 0.0.1
Check: package vignettes
Result: NOTE
    Package vignette with placeholder title 'Vignette Title':
     'quick-usage-guide-to-the-fastglm-package.Rmd'
Flavors: r-devel-linux-x86_64-debian-clang, r-devel-linux-x86_64-debian-gcc, r-devel-windows-ix86+x86_64, r-devel-windows-ix86+x86_64-gcc8

Version: 0.0.1
Check: installed package size
Result: NOTE
     installed size is 39.5Mb
     sub-directories of 1Mb or more:
     libs 39.4Mb
Flavors: r-devel-linux-x86_64-fedora-clang, r-release-osx-x86_64, r-oldrel-osx-x86_64