Last updated on 2023-12-11 05:51:52 CET.
Flavor | Version | Tinstall | Tcheck | Ttotal | Status | Flags |
---|---|---|---|---|---|---|
r-devel-linux-x86_64-debian-clang | 0.1.0 | 40.39 | 41.91 | 82.30 | NOTE | |
r-devel-linux-x86_64-debian-gcc | 0.1.0 | 23.41 | 32.30 | 55.71 | NOTE | |
r-devel-linux-x86_64-fedora-clang | 0.1.0 | 104.10 | NOTE | |||
r-devel-linux-x86_64-fedora-gcc | 0.1.0 | 115.09 | NOTE | |||
r-devel-windows-x86_64 | 0.1.0 | 29.00 | 74.00 | 103.00 | NOTE | |
r-patched-linux-x86_64 | 0.1.0 | 29.68 | 41.10 | 70.78 | OK | |
r-release-linux-x86_64 | 0.1.0 | 30.86 | 41.89 | 72.75 | OK | |
r-release-macos-arm64 | 0.1.0 | 38.00 | OK | |||
r-release-macos-x86_64 | 0.1.0 | 65.00 | OK | |||
r-release-windows-x86_64 | 0.1.0 | 35.00 | 81.00 | 116.00 | OK | |
r-oldrel-macos-arm64 | 0.1.0 | 35.00 | OK | |||
r-oldrel-macos-x86_64 | 0.1.0 | 47.00 | OK | |||
r-oldrel-windows-x86_64 | 0.1.0 | 34.00 | 85.00 | 119.00 | OK |
Version: 0.1.0
Check: Rd \usage sections
Result: NOTE
Documented arguments not in \usage in Rd file 'bin.Rd':
‘Integer’
Functions with \usage entries need to have the appropriate \alias
entries, and all their arguments documented.
The \usage entries must correspond to syntactically valid R code.
See chapter ‘Writing R documentation files’ in the ‘Writing R
Extensions’ manual.
Flavors: r-devel-linux-x86_64-debian-clang, r-devel-linux-x86_64-debian-gcc, r-devel-linux-x86_64-fedora-clang, r-devel-linux-x86_64-fedora-gcc, r-devel-windows-x86_64
Version: 0.1.0
Check: Rd cross-references
Result: NOTE
Undeclared package ‘earth’ in Rd xrefs
Flavor: r-devel-linux-x86_64-fedora-clang